CRAN Package Check Results for Package sommer

Last updated on 2022-12-02 05:55:29 CET.

Flavor Version Tinstall Tcheck Ttotal Status Flags
r-devel-linux-x86_64-debian-clang 4.2.0 117.97 186.57 304.54 OK --no-vignettes
r-devel-linux-x86_64-debian-gcc 4.2.0 94.21 137.40 231.61 OK --no-vignettes
r-devel-linux-x86_64-fedora-clang 4.2.0 654.39 NOTE
r-devel-linux-x86_64-fedora-gcc 4.2.0 638.95 OK
r-devel-windows-x86_64 4.2.0 119.00 201.00 320.00 NOTE --no-vignettes
r-patched-linux-x86_64 4.2.0 102.35 169.67 272.02 OK --no-vignettes
r-release-linux-x86_64 4.2.0 101.29 174.18 275.47 OK --no-vignettes
r-release-macos-arm64 4.2.0 168.00 NOTE
r-release-macos-x86_64 4.2.0 215.00 NOTE
r-release-windows-x86_64 4.2.0 137.00 251.00 388.00 NOTE --no-vignettes
r-oldrel-macos-arm64 4.2.0 162.00 NOTE
r-oldrel-macos-x86_64 4.2.0 224.00 NOTE
r-oldrel-windows-ix86+x86_64 4.2.0 220.00 272.00 492.00 NOTE --no-vignettes

Check Details

Version: 4.2.0
Check: installed package size
Result: NOTE
     installed size is 5.8Mb
     sub-directories of 1Mb or more:
     data 1.4Mb
     doc 2.1Mb
     libs 1.2Mb
Flavors: r-devel-linux-x86_64-fedora-clang, r-release-macos-arm64, r-release-macos-x86_64, r-oldrel-macos-arm64, r-oldrel-macos-x86_64

Version: 4.2.0
Flags: --no-vignettes
Check: installed package size
Result: NOTE
     installed size is 6.2Mb
     sub-directories of 1Mb or more:
     data 1.3Mb
     doc 2.1Mb
     libs 1.7Mb
Flavors: r-devel-windows-x86_64, r-release-windows-x86_64, r-oldrel-windows-ix86+x86_64