CRAN Package Check Results for Package spANOVA

Last updated on 2019-10-17 05:47:17 CEST.

Flavor Version Tinstall Tcheck Ttotal Status Flags
r-devel-linux-x86_64-debian-clang 0.99.1 19.36 145.12 164.48 OK
r-devel-linux-x86_64-debian-gcc 0.99.1 14.35 112.92 127.27 OK
r-devel-linux-x86_64-fedora-clang 0.99.1 213.63 OK
r-devel-linux-x86_64-fedora-gcc 0.99.1 197.40 OK
r-devel-windows-ix86+x86_64 0.99.1 54.00 143.00 197.00 OK
r-patched-linux-x86_64 0.99.1 18.09 142.24 160.33 OK
r-patched-solaris-x86 0.99.1 333.60 OK
r-release-linux-x86_64 0.99.1 17.77 141.08 158.85 OK
r-release-windows-ix86+x86_64 0.99.1 30.00 132.00 162.00 OK
r-release-osx-x86_64 0.99.1 WARN
r-oldrel-windows-ix86+x86_64 0.99.1 18.00 136.00 154.00 OK
r-oldrel-osx-x86_64 0.99.1 WARN

Check Details

Version: 0.99.1
Check: dependencies in R code
Result: NOTE
    No protocol specified
    No protocol specified
Flavors: r-release-osx-x86_64, r-oldrel-osx-x86_64

Version: 0.99.1
Check: S3 generic/method consistency
Result: WARN
    No protocol specified
    No protocol specified
    See section ‘Generic functions and methods’ in the ‘Writing R
    Extensions’ manual.
Flavors: r-release-osx-x86_64, r-oldrel-osx-x86_64

Version: 0.99.1
Check: replacement functions
Result: WARN
    No protocol specified
    No protocol specified
    The argument of a replacement function which corresponds to the right
    hand side must be named ‘value’.
Flavors: r-release-osx-x86_64, r-oldrel-osx-x86_64

Version: 0.99.1
Check: foreign function calls
Result: NOTE
    No protocol specified
    No protocol specified
    See chapter ‘System and foreign language interfaces’ in the ‘Writing R
    Extensions’ manual.
Flavors: r-release-osx-x86_64, r-oldrel-osx-x86_64

Version: 0.99.1
Check: R code for possible problems
Result: NOTE
    No protocol specified
    No protocol specified
Flavors: r-release-osx-x86_64, r-oldrel-osx-x86_64

Version: 0.99.1
Check: for missing documentation entries
Result: WARN
    No protocol specified
    No protocol specified
    All user-level objects in a package should have documentation entries.
    See chapter ‘Writing R documentation files’ in the ‘Writing R
    Extensions’ manual.
Flavors: r-release-osx-x86_64, r-oldrel-osx-x86_64

Version: 0.99.1
Check: for code/documentation mismatches
Result: WARN
    No protocol specified
    No protocol specified
    No protocol specified
    No protocol specified
    No protocol specified
    No protocol specified
Flavors: r-release-osx-x86_64, r-oldrel-osx-x86_64

Version: 0.99.1
Check: Rd \usage sections
Result: NOTE
    No protocol specified
    No protocol specified
    The \usage entries for S3 methods should use the \method markup and not
    their full name.
    See chapter ‘Writing R documentation files’ in the ‘Writing R
    Extensions’ manual.
Flavors: r-release-osx-x86_64, r-oldrel-osx-x86_64