CRAN Package Check Results for Package spANOVA

Last updated on 2020-06-04 05:49:15 CEST.

Flavor Version Tinstall Tcheck Ttotal Status Flags
r-devel-linux-x86_64-debian-clang 0.99.2 25.79 210.09 235.88 OK
r-devel-linux-x86_64-debian-gcc 0.99.2 20.88 157.43 178.31 OK
r-devel-linux-x86_64-fedora-clang 0.99.2 287.61 OK
r-devel-linux-x86_64-fedora-gcc 0.99.2 280.82 OK
r-devel-windows-ix86+x86_64 0.99.2 56.00 261.00 317.00 OK
r-patched-linux-x86_64 0.99.2 27.49 200.94 228.43 OK
r-patched-solaris-x86 0.99.2 465.50 OK
r-release-linux-x86_64 0.99.2 26.32 200.98 227.30 OK
r-release-osx-x86_64 0.99.2 OK
r-release-windows-ix86+x86_64 0.99.2 48.00 242.00 290.00 OK
r-oldrel-osx-x86_64 0.99.2 WARN
r-oldrel-windows-ix86+x86_64 0.99.2 56.00 179.00 235.00 OK

Check Details

Version: 0.99.2
Check: dependencies in R code
Result: NOTE
    No protocol specified
    No protocol specified
Flavor: r-oldrel-osx-x86_64

Version: 0.99.2
Check: S3 generic/method consistency
Result: WARN
    No protocol specified
    No protocol specified
    See section ‘Generic functions and methods’ in the ‘Writing R
    Extensions’ manual.
Flavor: r-oldrel-osx-x86_64

Version: 0.99.2
Check: replacement functions
Result: WARN
    No protocol specified
    No protocol specified
    The argument of a replacement function which corresponds to the right
    hand side must be named ‘value’.
Flavor: r-oldrel-osx-x86_64

Version: 0.99.2
Check: foreign function calls
Result: NOTE
    No protocol specified
    No protocol specified
    See chapter ‘System and foreign language interfaces’ in the ‘Writing R
    Extensions’ manual.
Flavor: r-oldrel-osx-x86_64

Version: 0.99.2
Check: R code for possible problems
Result: NOTE
    No protocol specified
    No protocol specified
Flavor: r-oldrel-osx-x86_64

Version: 0.99.2
Check: for missing documentation entries
Result: WARN
    No protocol specified
    No protocol specified
    All user-level objects in a package should have documentation entries.
    See chapter ‘Writing R documentation files’ in the ‘Writing R
    Extensions’ manual.
Flavor: r-oldrel-osx-x86_64

Version: 0.99.2
Check: for code/documentation mismatches
Result: WARN
    No protocol specified
    No protocol specified
    No protocol specified
    No protocol specified
    No protocol specified
    No protocol specified
Flavor: r-oldrel-osx-x86_64

Version: 0.99.2
Check: Rd \usage sections
Result: NOTE
    No protocol specified
    No protocol specified
    The \usage entries for S3 methods should use the \method markup and not
    their full name.
    See chapter ‘Writing R documentation files’ in the ‘Writing R
    Extensions’ manual.
Flavor: r-oldrel-osx-x86_64