CRAN Package Check Results for Package spAddins

Last updated on 2021-11-29 05:49:59 CET.

Flavor Version Tinstall Tcheck Ttotal Status Flags
r-devel-linux-x86_64-debian-clang 0.2.0 NOTE
r-devel-linux-x86_64-debian-gcc 0.2.0 1.61 18.93 20.54 NOTE
r-devel-linux-x86_64-fedora-clang 0.2.0 43.42 NOTE
r-devel-linux-x86_64-fedora-gcc 0.2.0 32.59 NOTE
r-devel-windows-x86_64-new-UL 0.2.0 9.00 62.00 71.00 NOTE
r-devel-windows-x86_64-new-TK 0.2.0 NOTE
r-devel-windows-x86_64-old 0.2.0 3.00 45.00 48.00 NOTE
r-patched-linux-x86_64 0.2.0 2.81 22.79 25.60 NOTE
r-patched-solaris-x86 0.2.0 47.90 NOTE
r-release-linux-x86_64 0.2.0 2.15 23.09 25.24 NOTE
r-release-macos-arm64 0.2.0 NOTE
r-release-macos-x86_64 0.2.0 NOTE
r-release-windows-ix86+x86_64 0.2.0 8.00 32.00 40.00 NOTE
r-oldrel-macos-x86_64 0.2.0 OK
r-oldrel-windows-ix86+x86_64 0.2.0 6.00 43.00 49.00 OK

Check Details

Version: 0.2.0
Check: LazyData
Result: NOTE
     'LazyData' is specified without a 'data' directory
Flavors: r-devel-linux-x86_64-debian-clang, r-devel-linux-x86_64-debian-gcc, r-devel-linux-x86_64-fedora-clang, r-devel-linux-x86_64-fedora-gcc, r-devel-windows-x86_64-new-UL, r-devel-windows-x86_64-new-TK, r-devel-windows-x86_64-old, r-patched-linux-x86_64, r-patched-solaris-x86, r-release-linux-x86_64, r-release-macos-arm64, r-release-macos-x86_64, r-release-windows-ix86+x86_64

Version: 0.2.0
Check: Rd cross-references
Result: NOTE
    Undeclared package ‘rebus.base’ in Rd xrefs
Flavor: r-devel-linux-x86_64-fedora-clang