Last updated on 2022-08-18 05:52:44 CEST.
Flavor | Version | Tinstall | Tcheck | Ttotal | Status | Flags |
---|---|---|---|---|---|---|
r-devel-linux-x86_64-debian-clang | 1.2 | 254.30 | 295.09 | 549.39 | OK | |
r-devel-linux-x86_64-debian-gcc | 1.2 | 206.73 | 223.07 | 429.80 | OK | |
r-devel-linux-x86_64-fedora-clang | 1.2 | 749.46 | OK | |||
r-devel-linux-x86_64-fedora-gcc | 1.2 | 708.51 | OK | |||
r-devel-windows-x86_64 | 1.2 | 187.00 | 378.00 | 565.00 | OK | |
r-patched-linux-x86_64 | 1.2 | 203.99 | 248.13 | 452.12 | OK | |
r-release-linux-x86_64 | 1.2 | 207.27 | 243.69 | 450.96 | OK | |
r-release-macos-arm64 | 1.2 | 218.00 | NOTE | |||
r-release-macos-x86_64 | 1.2 | 232.00 | NOTE | |||
r-release-windows-x86_64 | 1.2 | 186.00 | 438.00 | 624.00 | OK | |
r-oldrel-macos-arm64 | 1.2 | 244.00 | NOTE | |||
r-oldrel-macos-x86_64 | 1.2 | 351.00 | NOTE | |||
r-oldrel-windows-ix86+x86_64 | 1.2 | 623.00 | 514.00 | 1137.00 | OK |
Version: 1.2
Check: installed package size
Result: NOTE
installed size is 9.0Mb
sub-directories of 1Mb or more:
libs 8.4Mb
Flavors: r-release-macos-arm64, r-release-macos-x86_64, r-oldrel-macos-arm64, r-oldrel-macos-x86_64