CRAN Package Check Results for Package spData

Last updated on 2022-09-27 05:52:26 CEST.

Flavor Version Tinstall Tcheck Ttotal Status Flags
r-devel-linux-x86_64-debian-clang 2.2.0 5.61 46.49 52.10 NOTE
r-devel-linux-x86_64-debian-gcc 2.2.0 4.09 36.48 40.57 NOTE
r-devel-linux-x86_64-fedora-clang 2.2.0 77.38 NOTE
r-devel-linux-x86_64-fedora-gcc 2.2.0 73.34 NOTE
r-devel-windows-x86_64 2.2.0 48.00 84.00 132.00 NOTE
r-patched-linux-x86_64 2.2.0 4.93 44.00 48.93 NOTE
r-release-linux-x86_64 2.2.0 4.35 44.11 48.46 NOTE
r-release-macos-arm64 2.2.0 34.00 NOTE
r-release-macos-x86_64 2.2.0 37.00 NOTE
r-release-windows-x86_64 2.2.0 42.00 95.00 137.00 NOTE
r-oldrel-macos-arm64 2.2.0 34.00 NOTE
r-oldrel-macos-x86_64 2.2.0 38.00 NOTE
r-oldrel-windows-ix86+x86_64 2.2.0 12.00 77.00 89.00 NOTE

Check Details

Version: 2.2.0
Check: package dependencies
Result: NOTE
    Package suggested but not available for checking: 'spDataLarge'
Flavors: r-devel-linux-x86_64-debian-clang, r-devel-linux-x86_64-debian-gcc, r-devel-linux-x86_64-fedora-clang, r-devel-linux-x86_64-fedora-gcc, r-devel-windows-x86_64, r-patched-linux-x86_64, r-release-linux-x86_64, r-release-macos-arm64, r-release-macos-x86_64, r-release-windows-x86_64, r-oldrel-macos-arm64, r-oldrel-macos-x86_64, r-oldrel-windows-ix86+x86_64

Version: 2.2.0
Check: installed package size
Result: NOTE
     installed size is 6.6Mb
     sub-directories of 1Mb or more:
     data 2.6Mb
     shapes 3.2Mb
Flavors: r-devel-linux-x86_64-fedora-clang, r-devel-windows-x86_64, r-release-macos-arm64, r-release-macos-x86_64, r-release-windows-x86_64, r-oldrel-macos-arm64, r-oldrel-macos-x86_64, r-oldrel-windows-ix86+x86_64

Version: 2.2.0
Check: data for non-ASCII characters
Result: NOTE
     Note: found 56 marked UTF-8 strings
Flavors: r-devel-linux-x86_64-fedora-clang, r-devel-linux-x86_64-fedora-gcc, r-release-macos-arm64, r-release-macos-x86_64, r-oldrel-macos-arm64, r-oldrel-macos-x86_64