CRAN Package Check Results for Package spData

Last updated on 2023-10-01 06:53:20 CEST.

Flavor Version Tinstall Tcheck Ttotal Status Flags
r-devel-linux-x86_64-debian-clang 2.3.0 5.19 48.75 53.94 NOTE
r-devel-linux-x86_64-debian-gcc 2.3.0 4.70 37.37 42.07 NOTE
r-devel-linux-x86_64-fedora-clang 2.3.0 66.69 NOTE
r-devel-linux-x86_64-fedora-gcc 2.3.0 68.68 NOTE
r-devel-windows-x86_64 2.3.0 9.00 71.00 80.00 NOTE
r-patched-linux-x86_64 2.3.0 5.56 46.90 52.46 NOTE
r-release-linux-x86_64 2.3.0 5.90 47.68 53.58 NOTE
r-release-macos-arm64 2.3.0 28.00 NOTE
r-release-macos-x86_64 2.3.0 59.00 NOTE
r-release-windows-x86_64 2.3.0 9.00 76.00 85.00 NOTE
r-oldrel-macos-arm64 2.3.0 31.00 NOTE
r-oldrel-macos-x86_64 2.3.0 42.00 NOTE
r-oldrel-windows-x86_64 2.3.0 9.00 78.00 87.00 NOTE

Check Details

Version: 2.3.0
Check: package dependencies
Result: NOTE
    Package suggested but not available for checking: ‘spDataLarge’
Flavors: r-devel-linux-x86_64-debian-clang, r-devel-linux-x86_64-debian-gcc, r-devel-linux-x86_64-fedora-clang, r-devel-linux-x86_64-fedora-gcc, r-devel-windows-x86_64, r-patched-linux-x86_64, r-release-linux-x86_64, r-release-macos-arm64, r-release-macos-x86_64, r-release-windows-x86_64, r-oldrel-macos-arm64, r-oldrel-macos-x86_64, r-oldrel-windows-x86_64

Version: 2.3.0
Check: installed package size
Result: NOTE
     installed size is 6.5Mb
     sub-directories of 1Mb or more:
     data 2.5Mb
     shapes 3.2Mb
Flavors: r-devel-linux-x86_64-fedora-clang, r-devel-windows-x86_64, r-release-macos-arm64, r-release-macos-x86_64, r-release-windows-x86_64, r-oldrel-macos-arm64, r-oldrel-macos-x86_64, r-oldrel-windows-x86_64

Version: 2.3.0
Check: data for non-ASCII characters
Result: NOTE
     Note: found 56 marked UTF-8 strings
Flavors: r-devel-linux-x86_64-fedora-clang, r-devel-linux-x86_64-fedora-gcc