CRAN Package Check Results for Package spTDyn

Last updated on 2019-08-21 05:47:04 CEST.

Flavor Version Tinstall Tcheck Ttotal Status Flags
r-devel-linux-x86_64-debian-clang 2.0 16.92 61.72 78.64 OK
r-devel-linux-x86_64-debian-gcc 2.0 13.61 48.12 61.73 OK
r-devel-linux-x86_64-fedora-clang 2.0 92.71 OK
r-devel-linux-x86_64-fedora-gcc 2.0 100.95 OK
r-devel-windows-ix86+x86_64 2.0 45.00 101.00 146.00 OK
r-patched-linux-x86_64 2.0 15.58 60.20 75.78 NOTE
r-patched-solaris-x86 2.0 173.50 OK
r-release-linux-x86_64 2.0 15.38 60.25 75.63 NOTE
r-release-windows-ix86+x86_64 2.0 32.00 93.00 125.00 OK
r-release-osx-x86_64 2.0 OK
r-oldrel-windows-ix86+x86_64 2.0 38.00 122.00 160.00 OK
r-oldrel-osx-x86_64 2.0 OK

Check Details

Version: 2.0
Check: DESCRIPTION meta-information
Result: NOTE
    Dependence on R version ‘3.4.1’ not with patchlevel 0
Flavors: r-patched-linux-x86_64, r-release-linux-x86_64