CRAN Package Check Results for Package spTDyn

Last updated on 2019-12-07 05:47:50 CET.

Flavor Version Tinstall Tcheck Ttotal Status Flags
r-devel-linux-x86_64-debian-clang 2.0 20.14 67.91 88.05 OK
r-devel-linux-x86_64-debian-gcc 2.0 13.53 51.95 65.48 OK
r-devel-linux-x86_64-fedora-clang 2.0 94.85 OK
r-devel-linux-x86_64-fedora-gcc 2.0 99.39 OK
r-devel-windows-ix86+x86_64 2.0 33.00 129.00 162.00 OK
r-devel-windows-ix86+x86_64-gcc8 2.0 35.00 139.00 174.00 OK
r-patched-linux-x86_64 2.0 16.08 60.69 76.77 NOTE
r-patched-solaris-x86 2.0 168.00 OK
r-release-linux-x86_64 2.0 14.36 62.22 76.58 NOTE
r-release-windows-ix86+x86_64 2.0 47.00 92.00 139.00 OK
r-release-osx-x86_64 2.0 OK
r-oldrel-windows-ix86+x86_64 2.0 28.00 123.00 151.00 OK
r-oldrel-osx-x86_64 2.0 OK

Check Details

Version: 2.0
Check: DESCRIPTION meta-information
Result: NOTE
    Dependence on R version ‘3.4.1’ not with patchlevel 0
Flavors: r-patched-linux-x86_64, r-release-linux-x86_64