CRAN Package Check Results for Package spTimer

Last updated on 2024-06-12 06:58:34 CEST.

Flavor Version Tinstall Tcheck Ttotal Status Flags
r-devel-linux-x86_64-debian-clang 3.3.2 24.96 112.83 137.79 NOTE
r-devel-linux-x86_64-debian-gcc 3.3.2 20.87 79.35 100.22 NOTE
r-devel-linux-x86_64-fedora-clang 3.3.2 171.20 NOTE
r-devel-linux-x86_64-fedora-gcc 3.3.2 167.50 NOTE
r-devel-windows-x86_64 3.3.2 32.00 94.00 126.00 NOTE
r-patched-linux-x86_64 3.3.2 27.77 103.52 131.29 NOTE
r-release-linux-x86_64 3.3.2 25.21 108.35 133.56 NOTE
r-release-macos-arm64 3.3.2 47.00 NOTE
r-release-macos-x86_64 3.3.2 79.00 NOTE
r-release-windows-x86_64 3.3.2 30.00 95.00 125.00 NOTE
r-oldrel-macos-arm64 3.3.2 49.00 OK
r-oldrel-macos-x86_64 3.3.2 86.00 OK
r-oldrel-windows-x86_64 3.3.2 35.00 111.00 146.00 OK

Check Details

Version: 3.3.2
Check: Rd files
Result: NOTE checkRd: (-1) predict.spT.Rd:36: Lost braces 36 | \item{...}{Other values "obsData", "fittedData" and "residuals" are provided only for temporal prediction. This is to analyse the code{spTimer} forecast output using package \code{forecast} through function \code{\link{as.forecast.object}}.} | ^ Flavors: r-devel-linux-x86_64-debian-clang, r-devel-linux-x86_64-debian-gcc, r-devel-linux-x86_64-fedora-clang, r-devel-linux-x86_64-fedora-gcc, r-devel-windows-x86_64, r-patched-linux-x86_64, r-release-linux-x86_64, r-release-macos-arm64, r-release-macos-x86_64, r-release-windows-x86_64