CRAN Package Check Results for Package spamtree

Last updated on 2022-08-16 05:54:12 CEST.

Flavor Version Tinstall Tcheck Ttotal Status Flags
r-devel-linux-x86_64-debian-clang 0.2.2 167.03 177.73 344.76 OK
r-devel-linux-x86_64-debian-gcc 0.2.2 137.83 130.59 268.42 OK
r-devel-linux-x86_64-fedora-clang 0.2.2 435.37 OK
r-devel-linux-x86_64-fedora-gcc 0.2.2 412.40 OK
r-devel-windows-x86_64 0.2.2 119.00 152.00 271.00 OK
r-patched-linux-x86_64 0.2.2 144.37 157.39 301.76 OK
r-release-linux-x86_64 0.2.2 137.37 161.78 299.15 OK
r-release-macos-arm64 0.2.2 121.00 NOTE
r-release-macos-x86_64 0.2.2 180.00 NOTE
r-release-windows-x86_64 0.2.2 115.00 144.00 259.00 OK
r-oldrel-macos-arm64 0.2.2 102.00 NOTE
r-oldrel-macos-x86_64 0.2.2 134.00 NOTE
r-oldrel-windows-ix86+x86_64 0.2.2 386.00 167.00 553.00 OK

Check Details

Version: 0.2.2
Check: installed package size
Result: NOTE
     installed size is 9.7Mb
     sub-directories of 1Mb or more:
     libs 9.4Mb
Flavors: r-release-macos-arm64, r-release-macos-x86_64, r-oldrel-macos-arm64, r-oldrel-macos-x86_64