CRAN Package Check Results for Package spant

Last updated on 2019-06-20 05:48:45 CEST.

Flavor Version Tinstall Tcheck Ttotal Status Flags
r-devel-linux-x86_64-debian-clang 0.14.0 13.96 92.69 106.65 OK
r-devel-linux-x86_64-debian-gcc 0.14.0 10.15 72.33 82.48 OK
r-devel-linux-x86_64-fedora-clang 0.14.0 123.73 NOTE
r-devel-linux-x86_64-fedora-gcc 0.14.0 123.20 NOTE
r-devel-windows-ix86+x86_64 0.14.0 25.00 128.00 153.00 OK
r-patched-linux-x86_64 0.14.0 15.08 95.21 110.29 OK
r-patched-solaris-x86 0.14.0 195.70 WARN
r-release-linux-x86_64 0.14.0 15.38 97.65 113.03 OK
r-release-windows-ix86+x86_64 0.14.0 29.00 137.00 166.00 OK
r-release-osx-x86_64 0.14.0 NOTE
r-oldrel-windows-ix86+x86_64 0.14.0 16.00 124.00 140.00 OK
r-oldrel-osx-x86_64 0.14.0 NOTE

Check Details

Version: 0.14.0
Check: dependencies in R code
Result: NOTE
    Namespace in Imports field not imported from: ‘foreach’
     All declared Imports should be used.
Flavors: r-devel-linux-x86_64-fedora-clang, r-devel-linux-x86_64-fedora-gcc, r-patched-solaris-x86, r-release-osx-x86_64, r-oldrel-osx-x86_64

Version: 0.14.0
Check: replacement functions
Result: WARN
    XIO: fatal IO error 146 (Connection refused) on X server ":5.0"
     after 0 requests (0 known processed) with 0 events remaining.
    The argument of a replacement function which corresponds to the right
    hand side must be named ‘value’.
Flavor: r-patched-solaris-x86

Version: 0.14.0
Check: for code/documentation mismatches
Result: WARN
    XIO: fatal IO error 146 (Connection refused) on X server ":5.0"
     after 0 requests (0 known processed) with 0 events remaining.
Flavor: r-patched-solaris-x86