CRAN Package Check Results for Package spant

Last updated on 2019-09-15 05:46:27 CEST.

Flavor Version Tinstall Tcheck Ttotal Status Flags
r-devel-linux-x86_64-debian-clang 0.14.0 14.71 94.82 109.53 OK
r-devel-linux-x86_64-debian-gcc 0.14.0 10.12 73.39 83.51 OK
r-devel-linux-x86_64-fedora-clang 0.14.0 135.12 NOTE
r-devel-linux-x86_64-fedora-gcc 0.14.0 81.29 NOTE
r-devel-windows-ix86+x86_64 0.14.0 31.00 99.00 130.00 OK
r-patched-linux-x86_64 0.14.0 14.86 94.87 109.73 OK
r-patched-solaris-x86 0.14.0 187.10 NOTE
r-release-linux-x86_64 0.14.0 14.37 98.12 112.49 OK
r-release-windows-ix86+x86_64 0.14.0 16.00 92.00 108.00 OK
r-release-osx-x86_64 0.14.0 NOTE
r-oldrel-windows-ix86+x86_64 0.14.0 21.00 125.00 146.00 OK
r-oldrel-osx-x86_64 0.14.0 NOTE

Check Details

Version: 0.14.0
Check: dependencies in R code
Result: NOTE
    Namespace in Imports field not imported from: ‘foreach’
     All declared Imports should be used.
Flavors: r-devel-linux-x86_64-fedora-clang, r-devel-linux-x86_64-fedora-gcc, r-patched-solaris-x86, r-release-osx-x86_64, r-oldrel-osx-x86_64