CRAN Package Check Results for Package sparkavro

Last updated on 2022-01-26 05:54:31 CET.

Flavor Version Tinstall Tcheck Ttotal Status Flags
r-devel-linux-x86_64-debian-clang 0.3.0 7.65 67.86 75.51 NOTE
r-devel-linux-x86_64-debian-gcc 0.3.0 4.42 51.70 56.12 NOTE
r-devel-linux-x86_64-fedora-clang 0.3.0 89.94 NOTE
r-devel-linux-x86_64-fedora-gcc 0.3.0 77.16 NOTE
r-devel-windows-x86_64-new-UL 0.3.0 28.00 91.00 119.00 NOTE
r-devel-windows-x86_64-new-TK 0.3.0 NOTE
r-patched-linux-x86_64 0.3.0 4.22 61.63 65.85 NOTE
r-release-linux-x86_64 0.3.0 6.59 61.03 67.62 NOTE
r-release-macos-arm64 0.3.0 NOTE
r-release-macos-x86_64 0.3.0 NOTE
r-release-windows-ix86+x86_64 0.3.0 15.00 72.00 87.00 NOTE
r-oldrel-macos-x86_64 0.3.0 OK
r-oldrel-windows-ix86+x86_64 0.3.0 17.00 75.00 92.00 OK

Check Details

Version: 0.3.0
Check: LazyData
Result: NOTE
     'LazyData' is specified without a 'data' directory
Flavors: r-devel-linux-x86_64-debian-clang, r-devel-linux-x86_64-debian-gcc, r-devel-linux-x86_64-fedora-clang, r-devel-linux-x86_64-fedora-gcc, r-devel-windows-x86_64-new-UL, r-devel-windows-x86_64-new-TK, r-patched-linux-x86_64, r-release-linux-x86_64, r-release-macos-arm64, r-release-macos-x86_64, r-release-windows-ix86+x86_64