CRAN Package Check Results for Package sparkbq

Last updated on 2022-01-26 05:54:31 CET.

Flavor Version Tinstall Tcheck Ttotal Status Flags
r-devel-linux-x86_64-debian-clang 0.1.1 7.34 64.02 71.36 NOTE
r-devel-linux-x86_64-debian-gcc 0.1.1 5.20 49.46 54.66 NOTE
r-devel-linux-x86_64-fedora-clang 0.1.1 85.79 NOTE
r-devel-linux-x86_64-fedora-gcc 0.1.1 73.28 NOTE
r-devel-windows-x86_64-new-UL 0.1.1 29.00 81.00 110.00 NOTE
r-devel-windows-x86_64-new-TK 0.1.1 NOTE
r-patched-linux-x86_64 0.1.1 6.20 58.37 64.57 NOTE
r-release-linux-x86_64 0.1.1 6.25 58.31 64.56 NOTE
r-release-macos-arm64 0.1.1 NOTE
r-release-macos-x86_64 0.1.1 NOTE
r-release-windows-ix86+x86_64 0.1.1 17.00 76.00 93.00 NOTE
r-oldrel-macos-x86_64 0.1.1 OK
r-oldrel-windows-ix86+x86_64 0.1.1 16.00 76.00 92.00 OK

Check Details

Version: 0.1.1
Check: LazyData
Result: NOTE
     'LazyData' is specified without a 'data' directory
Flavors: r-devel-linux-x86_64-debian-clang, r-devel-linux-x86_64-debian-gcc, r-devel-linux-x86_64-fedora-clang, r-devel-linux-x86_64-fedora-gcc, r-devel-windows-x86_64-new-UL, r-devel-windows-x86_64-new-TK, r-patched-linux-x86_64, r-release-linux-x86_64, r-release-macos-arm64, r-release-macos-x86_64, r-release-windows-ix86+x86_64