CRAN Package Check Results for Package sparklyr

Last updated on 2021-12-02 05:49:11 CET.

Flavor Version Tinstall Tcheck Ttotal Status Flags
r-devel-linux-x86_64-debian-clang 1.7.2 33.29 174.26 207.55 OK
r-devel-linux-x86_64-debian-gcc 1.7.3 26.85 127.38 154.23 OK
r-devel-linux-x86_64-fedora-clang 1.7.3 274.99 NOTE
r-devel-linux-x86_64-fedora-gcc 1.7.3 257.76 NOTE
r-devel-windows-x86_64-new-UL 1.7.3 71.00 187.00 258.00 NOTE
r-devel-windows-x86_64-new-TK 1.7.2 NOTE
r-devel-windows-x86_64-old 1.7.2 57.00 156.00 213.00 NOTE
r-patched-linux-x86_64 1.7.2 44.23 166.89 211.12 OK
r-patched-solaris-x86 1.7.3 287.00 NOTE
r-release-linux-x86_64 1.7.3 30.89 163.39 194.28 OK
r-release-macos-arm64 1.7.2 NOTE
r-release-macos-x86_64 1.7.2 NOTE
r-release-windows-ix86+x86_64 1.7.2 60.00 205.00 265.00 NOTE
r-oldrel-macos-x86_64 1.7.2 NOTE
r-oldrel-windows-ix86+x86_64 1.7.2 60.00 204.00 264.00 NOTE

Check Details

Version: 1.7.3
Check: package dependencies
Result: NOTE
    Imports includes 31 non-default packages.
    Importing from so many packages makes the package vulnerable to any of
    them becoming unavailable. Move as many as possible to Suggests and
    use conditionally.
Flavor: r-devel-linux-x86_64-fedora-clang

Version: 1.7.3
Check: installed package size
Result: NOTE
     installed size is 6.3Mb
     sub-directories of 1Mb or more:
     R 1.5Mb
     java 3.4Mb
Flavors: r-devel-linux-x86_64-fedora-clang, r-devel-windows-x86_64-new-UL, r-patched-solaris-x86

Version: 1.7.3
Check: dependencies in R code
Result: NOTE
    Namespace in Imports field not imported from: ‘lifecycle’
     All declared Imports should be used.
Flavors: r-devel-linux-x86_64-fedora-clang, r-devel-linux-x86_64-fedora-gcc, r-patched-solaris-x86

Version: 1.7.2
Check: dependencies in R code
Result: NOTE
    Namespace in Imports field not imported from: 'lifecycle'
     All declared Imports should be used.
Flavors: r-devel-windows-x86_64-new-TK, r-release-macos-arm64, r-release-macos-x86_64, r-oldrel-macos-x86_64

Version: 1.7.2
Check: installed package size
Result: NOTE
     installed size is 6.2Mb
     sub-directories of 1Mb or more:
     R 1.5Mb
     java 3.4Mb
Flavors: r-devel-windows-x86_64-old, r-release-macos-arm64, r-release-macos-x86_64, r-release-windows-ix86+x86_64, r-oldrel-macos-x86_64, r-oldrel-windows-ix86+x86_64