CRAN Package Check Results for Package sparr

Last updated on 2022-01-23 05:58:06 CET.

Flavor Version Tinstall Tcheck Ttotal Status Flags
r-devel-linux-x86_64-debian-clang 2.2-15 18.77 135.22 153.99 OK
r-devel-linux-x86_64-debian-gcc 2.2-15 14.93 115.86 130.79 OK
r-devel-linux-x86_64-fedora-clang 2.2-15 189.88 NOTE
r-devel-linux-x86_64-fedora-gcc 2.2-15 176.22 OK
r-devel-windows-x86_64-new-UL 2.2-15 50.00 154.00 204.00 OK
r-devel-windows-x86_64-new-TK 2.2-15 OK
r-patched-linux-x86_64 2.2-15 23.73 132.78 156.51 OK
r-release-linux-x86_64 2.2-15 13.34 132.06 145.40 OK
r-release-macos-arm64 2.2-15 OK
r-release-macos-x86_64 2.2-15 OK
r-release-windows-ix86+x86_64 2.2-15 30.00 144.00 174.00 OK
r-oldrel-macos-x86_64 2.2-15 OK
r-oldrel-windows-ix86+x86_64 2.2-15 33.00 145.00 178.00 OK

Check Details

Version: 2.2-15
Check: Rd cross-references
Result: NOTE
    Undeclared packages ‘splancs’, ‘spatstat.data’ in Rd xrefs
Flavor: r-devel-linux-x86_64-fedora-clang