CRAN Package Check Results for Package sparseMVN

Last updated on 2019-03-23 05:48:20 CET.

Flavor Version Tinstall Tcheck Ttotal Status Flags
r-devel-linux-x86_64-debian-clang 0.2.1.1 6.42 70.40 76.82 OK
r-devel-linux-x86_64-debian-gcc 0.2.1.1 4.99 55.47 60.46 OK
r-devel-linux-x86_64-fedora-clang 0.2.1.1 96.06 OK
r-devel-linux-x86_64-fedora-gcc 0.2.1.1 117.39 OK
r-devel-windows-ix86+x86_64 0.2.1.1 15.00 111.00 126.00 OK
r-patched-linux-x86_64 0.2.1.1 3.29 68.70 71.99 OK
r-patched-solaris-x86 0.2.1.1 156.20 OK
r-release-linux-x86_64 0.2.1.1 0.32 2.31 2.63 ERROR
r-release-windows-ix86+x86_64 0.2.1.1 7.00 87.00 94.00 OK
r-release-osx-x86_64 0.2.1.1 OK
r-oldrel-windows-ix86+x86_64 0.2.1.1 10.00 119.00 129.00 OK
r-oldrel-osx-x86_64 0.2.1.1 OK

Check Details

Version: 0.2.1.1
Check: whether package can be installed
Result: ERROR
    Installation failed.
Flavor: r-release-linux-x86_64