CRAN Package Check Results for Package sparsereg

Last updated on 2021-04-10 05:48:50 CEST.

Flavor Version Tinstall Tcheck Ttotal Status Flags
r-devel-linux-x86_64-debian-clang 1.2 75.97 118.72 194.69 OK
r-devel-linux-x86_64-debian-gcc 1.2 50.94 88.56 139.50 OK
r-devel-linux-x86_64-fedora-clang 1.2 254.42 NOTE
r-devel-linux-x86_64-fedora-gcc 1.2 237.36 NOTE
r-devel-windows-ix86+x86_64 1.2 140.00 138.00 278.00 OK
r-devel-windows-x86_64-gcc10-UCRT 1.2 OK
r-patched-linux-x86_64 1.2 60.97 108.77 169.74 OK
r-patched-solaris-x86 1.2 299.60 OK
r-release-linux-x86_64 1.2 OK
r-release-macos-x86_64 1.2 OK
r-release-windows-ix86+x86_64 1.2 157.00 187.00 344.00 OK
r-oldrel-macos-x86_64 1.2 OK
r-oldrel-windows-ix86+x86_64 1.2 153.00 158.00 311.00 OK

Check Details

Version: 1.2
Check: compiled code
Result: NOTE
    File ‘sparsereg/libs/sparsereg.so’:
     Found no calls to: ‘R_registerRoutines’, ‘R_useDynamicSymbols’
    
    It is good practice to register native routines and to disable symbol
    search.
    
    See ‘Writing portable packages’ in the ‘Writing R Extensions’ manual.
Flavors: r-devel-linux-x86_64-fedora-clang, r-devel-linux-x86_64-fedora-gcc