CRAN Package Check Results for Package spartan

Last updated on 2019-08-22 05:47:12 CEST.

Flavor Version Tinstall Tcheck Ttotal Status Flags
r-devel-linux-x86_64-debian-clang 3.0.2 9.00 112.04 121.04 NOTE
r-devel-linux-x86_64-debian-gcc 3.0.2 8.06 86.23 94.29 NOTE
r-devel-linux-x86_64-fedora-clang 3.0.2 143.82 NOTE
r-devel-linux-x86_64-fedora-gcc 3.0.2 149.75 NOTE
r-devel-windows-ix86+x86_64 3.0.2 35.00 184.00 219.00 OK
r-patched-linux-x86_64 3.0.2 9.55 110.05 119.60 OK
r-patched-solaris-x86 3.0.2 202.90 NOTE
r-release-linux-x86_64 3.0.2 10.59 109.27 119.86 OK
r-release-windows-ix86+x86_64 3.0.2 34.00 0.00 34.00 FAIL
r-release-osx-x86_64 3.0.2 NOTE
r-oldrel-windows-ix86+x86_64 3.0.2 21.00 165.00 186.00 OK
r-oldrel-osx-x86_64 3.0.2 NOTE

Additional issues

noLD

Check Details

Version: 3.0.2
Check: for non-standard things in the check directory
Result: NOTE
    Found the following files/directories:
     'Built_Emulation_RF_GLM.Rda' 'Ensemble_Testing_Velocity.pdf'
     'GLM_TestSet_Velocity.pdf' 'GLM_TrainingSet_Velocity.pdf'
     'RF_TestSet_Velocity.pdf' 'RF_TrainingSet_Velocity.pdf'
     'built_ensemble.Rda' 'partitioned_data.Rda'
Flavors: r-devel-linux-x86_64-debian-clang, r-devel-linux-x86_64-debian-gcc, r-devel-linux-x86_64-fedora-clang, r-devel-linux-x86_64-fedora-gcc

Version: 3.0.2
Check: dependencies in R code
Result: NOTE
    Namespace in Imports field not imported from: ‘gplots’
     All declared Imports should be used.
Flavors: r-devel-linux-x86_64-fedora-clang, r-devel-linux-x86_64-fedora-gcc, r-patched-solaris-x86, r-release-osx-x86_64, r-oldrel-osx-x86_64

Version: 3.0.2
Check: package dependencies
Result: FAIL
    Check process probably crashed or hung up for 20 minutes ... killed
    Most likely this happened in the example checks (?),
    if not, ignore the following last lines of example output:
    
    ======== End of example output (where/before crash/hang up occured ?) ========
Flavor: r-release-windows-ix86+x86_64