CRAN Package Check Results for Package spass

Last updated on 2024-06-18 05:57:48 CEST.

Flavor Version Tinstall Tcheck Ttotal Status Flags
r-devel-linux-x86_64-debian-clang 1.3 39.13 119.47 158.60 NOTE
r-devel-linux-x86_64-debian-gcc 1.3 28.98 87.56 116.54 NOTE
r-devel-linux-x86_64-fedora-clang 1.3 191.74 NOTE
r-devel-linux-x86_64-fedora-gcc 1.3 194.99 NOTE
r-devel-windows-x86_64 1.3 29.00 119.00 148.00 NOTE
r-patched-linux-x86_64 1.3 27.45 113.56 141.01 NOTE
r-release-linux-x86_64 1.3 23.18 113.99 137.17 NOTE
r-release-macos-arm64 1.3 47.00 NOTE
r-release-macos-x86_64 1.3 70.00 NOTE
r-release-windows-x86_64 1.3 28.00 121.00 149.00 NOTE
r-oldrel-macos-arm64 1.3 60.00 NOTE
r-oldrel-macos-x86_64 1.3 91.00 NOTE
r-oldrel-windows-x86_64 1.3 38.00 147.00 185.00 NOTE

Check Details

Version: 1.3
Check: LazyData
Result: NOTE 'LazyData' is specified without a 'data' directory Flavors: r-devel-linux-x86_64-debian-clang, r-devel-linux-x86_64-debian-gcc, r-devel-linux-x86_64-fedora-clang, r-devel-linux-x86_64-fedora-gcc, r-devel-windows-x86_64, r-patched-linux-x86_64, r-release-linux-x86_64, r-release-macos-arm64, r-release-macos-x86_64, r-release-windows-x86_64, r-oldrel-macos-arm64, r-oldrel-macos-x86_64, r-oldrel-windows-x86_64