CRAN Package Check Results for Package spatgraphs

Last updated on 2022-08-17 05:58:38 CEST.

Flavor Version Tinstall Tcheck Ttotal Status Flags
r-devel-linux-x86_64-debian-clang 3.2-2 65.81 74.05 139.86 NOTE
r-devel-linux-x86_64-debian-gcc 3.2-2 NOTE
r-devel-linux-x86_64-fedora-clang 3.2-2 208.71 NOTE
r-devel-linux-x86_64-fedora-gcc 3.2-2 193.07 NOTE
r-devel-windows-x86_64 3.2-2 78.00 114.00 192.00 NOTE
r-patched-linux-x86_64 3.2-2 58.43 72.69 131.12 NOTE
r-release-linux-x86_64 3.2-2 57.93 72.39 130.32 NOTE
r-release-macos-arm64 3.2-2 50.00 NOTE
r-release-macos-x86_64 3.2-2 68.00 NOTE
r-release-windows-x86_64 3.2-2 89.00 116.00 205.00 NOTE
r-oldrel-macos-arm64 3.2-2 55.00 NOTE
r-oldrel-macos-x86_64 3.2-2 103.00 NOTE
r-oldrel-windows-ix86+x86_64 3.2-2 169.00 131.00 300.00 NOTE

Check Details

Version: 3.2-2
Check: LazyData
Result: NOTE
     'LazyData' is specified without a 'data' directory
Flavors: r-devel-linux-x86_64-debian-clang, r-devel-linux-x86_64-debian-gcc, r-devel-linux-x86_64-fedora-clang, r-devel-linux-x86_64-fedora-gcc, r-devel-windows-x86_64, r-patched-linux-x86_64, r-release-linux-x86_64, r-release-macos-arm64, r-release-macos-x86_64, r-release-windows-x86_64, r-oldrel-macos-arm64, r-oldrel-macos-x86_64, r-oldrel-windows-ix86+x86_64