CRAN Package Check Results for Package spatialreg

Last updated on 2020-02-27 05:49:02 CET.

Flavor Version Tinstall Tcheck Ttotal Status Flags
r-devel-linux-x86_64-debian-clang 1.1-5 31.43 308.92 340.35 OK
r-devel-linux-x86_64-debian-gcc 1.1-5 23.87 246.22 270.09 OK
r-devel-linux-x86_64-fedora-clang 1.1-5 432.75 WARN
r-devel-linux-x86_64-fedora-gcc 1.1-5 409.29 WARN
r-devel-windows-ix86+x86_64 1.1-5 44.00 398.00 442.00 OK
r-devel-windows-ix86+x86_64-gcc8 1.1-5 52.00 411.00 463.00 OK
r-patched-linux-x86_64 1.1-5 22.78 286.40 309.18 OK
r-patched-solaris-x86 1.1-5 553.30 OK
r-release-linux-x86_64 1.1-5 25.76 286.62 312.38 OK
r-release-windows-ix86+x86_64 1.1-5 43.00 380.00 423.00 OK
r-release-osx-x86_64 1.1-5 OK
r-oldrel-windows-ix86+x86_64 1.1-5 36.00 316.00 352.00 OK
r-oldrel-osx-x86_64 1.1-5 OK

Check Details

Version: 1.1-5
Check: whether package can be installed
Result: WARN
    Found the following significant warnings:
     Warning: namespace ‘rgdal’ is not available and has been replaced
Flavors: r-devel-linux-x86_64-fedora-clang, r-devel-linux-x86_64-fedora-gcc