CRAN Package Check Results for Package spatstat.gui

Last updated on 2022-01-26 05:54:31 CET.

Flavor Version Tinstall Tcheck Ttotal Status Flags
r-devel-linux-x86_64-debian-clang 2.0-0 9.18 113.10 122.28 NOTE
r-devel-linux-x86_64-debian-gcc 2.0-0 8.45 87.38 95.83 NOTE
r-devel-linux-x86_64-fedora-clang 2.0-0 146.10 NOTE
r-devel-linux-x86_64-fedora-gcc 2.0-0 139.09 NOTE
r-devel-windows-x86_64-new-UL 2.0-0 29.00 131.00 160.00 NOTE
r-devel-windows-x86_64-new-TK 2.0-0 NOTE
r-patched-linux-x86_64 2.0-0 9.05 106.00 115.05 NOTE
r-release-linux-x86_64 2.0-0 9.49 105.51 115.00 NOTE
r-release-macos-arm64 2.0-0 NOTE
r-release-macos-x86_64 2.0-0 NOTE
r-release-windows-ix86+x86_64 2.0-0 20.00 120.00 140.00 NOTE
r-oldrel-macos-x86_64 2.0-0 NOTE
r-oldrel-windows-ix86+x86_64 2.0-0 21.00 124.00 145.00 NOTE

Check Details

Version: 2.0-0
Check: package dependencies
Result: NOTE
    Depends: includes the non-default packages:
     'spatstat.geom', 'spatstat.core', 'spatstat.linnet', 'spatstat.data',
     'rpanel', 'tcltk'
    Adding so many packages to the search path is excessive and importing
    selectively is preferable.
Flavors: r-devel-linux-x86_64-debian-clang, r-devel-linux-x86_64-debian-gcc, r-devel-linux-x86_64-fedora-clang, r-devel-linux-x86_64-fedora-gcc, r-devel-windows-x86_64-new-UL, r-devel-windows-x86_64-new-TK, r-patched-linux-x86_64, r-release-linux-x86_64, r-release-macos-arm64, r-release-macos-x86_64, r-release-windows-ix86+x86_64, r-oldrel-macos-x86_64, r-oldrel-windows-ix86+x86_64