CRAN Package Check Results for Package spatstat

Last updated on 2020-02-20 05:48:37 CET.

Flavor Version Tinstall Tcheck Ttotal Status Flags
r-devel-linux-x86_64-debian-clang 1.63-0 174.12 832.58 1006.70 ERROR --no-tests
r-devel-linux-x86_64-debian-gcc 1.63-0 136.44 740.61 877.05 OK --no-tests
r-devel-linux-x86_64-fedora-clang 1.63-0 2271.80 NOTE
r-devel-linux-x86_64-fedora-gcc 1.63-0 2213.42 OK
r-devel-windows-ix86+x86_64 1.63-0 264.00 644.00 908.00 NOTE --no-examples --no-tests --no-vignettes
r-devel-windows-ix86+x86_64-gcc8 1.63-0 409.00 459.00 868.00 NOTE --no-examples --no-tests --no-vignettes
r-patched-linux-x86_64 1.63-0 141.75 896.36 1038.11 OK --no-tests
r-patched-solaris-x86 1.63-0 2643.60 NOTE
r-release-linux-x86_64 1.63-0 138.02 911.24 1049.26 OK --no-tests
r-release-windows-ix86+x86_64 1.63-0 278.00 439.00 717.00 NOTE --no-examples --no-tests --no-vignettes
r-release-osx-x86_64 1.63-0 NOTE
r-oldrel-windows-ix86+x86_64 1.63-0 257.00 425.00 682.00 NOTE --no-examples --no-tests --no-vignettes
r-oldrel-osx-x86_64 1.63-0 ERROR

Additional issues

noLD

Check Details

Version: 1.63-0
Flags: --no-tests
Check: examples
Result: ERROR
    Running examples in 'spatstat-Ex.R' failed
    The error most likely occurred in:
    
    > base::assign(".ptime", proc.time(), pos = "CheckExEnv")
    > ### Name: linearmarkequal
    > ### Title: Mark Connection Function for Multitype Point Pattern on Linear
    > ### Network
    > ### Aliases: linearmarkequal
    > ### Keywords: spatial nonparametric
    >
    > ### ** Examples
    >
    >
    > if(interactive()) {
    + X <- chicago
    + } else {
    + X <- runiflpp(20, simplenet) %mark% sample(c("A","B"), 20,
    + replace=TRUE)
    + }
    > p <- linearmarkequal(X)
    Error in linearmarkequal(X) : Point pattern must be multitype
    Execution halted
Flavor: r-devel-linux-x86_64-debian-clang

Version: 1.63-0
Check: installed package size
Result: NOTE
     installed size is 18.5Mb
     sub-directories of 1Mb or more:
     R 5.3Mb
     doc 4.9Mb
     help 5.2Mb
     libs 2.1Mb
Flavors: r-devel-linux-x86_64-fedora-clang, r-patched-solaris-x86, r-release-osx-x86_64, r-oldrel-osx-x86_64

Version: 1.63-0
Flags: --no-examples --no-tests --no-vignettes
Check: installed package size
Result: NOTE
     installed size is 17.6Mb
     sub-directories of 1Mb or more:
     R 5.3Mb
     doc 4.9Mb
     help 5.2Mb
     libs 1.2Mb
Flavors: r-devel-windows-ix86+x86_64, r-devel-windows-ix86+x86_64-gcc8, r-release-windows-ix86+x86_64, r-oldrel-windows-ix86+x86_64

Version: 1.63-0
Check: package dependencies
Result: NOTE
    Package suggested but not available for checking: ‘rpanel’
Flavors: r-release-osx-x86_64, r-oldrel-osx-x86_64

Version: 1.63-0
Check: dependencies in R code
Result: NOTE
    No protocol specified
    No protocol specified
Flavors: r-release-osx-x86_64, r-oldrel-osx-x86_64

Version: 1.63-0
Flags: --no-examples --no-tests --no-vignettes
Check: R code for possible problems
Result: NOTE
    uniquemap.matrix: no visible global function definition for 'asplit'
    Undefined global functions or variables:
     asplit
Flavor: r-oldrel-windows-ix86+x86_64

Version: 1.63-0
Check: R code for possible problems
Result: NOTE
    uniquemap.matrix: no visible global function definition for ‘asplit’
    Undefined global functions or variables:
     asplit
Flavor: r-oldrel-osx-x86_64

Version: 1.63-0
Check: tests
Result: ERROR
     Running ‘testsAtoC.R’ [21s/21s]
     Running ‘testsD.R’ [60s/60s]
    Running the tests in ‘tests/testsD.R’ failed.
    Last 13 lines of output:
     + if(!isTRUE(all.equal(u4, uc4)))
     + stop("Inconsistency between algorithms in uniquemap.matrix")
     +
     + ## uniquemap.default
     + a <- letters[c(1, 1:4, 3:2)]
     + checkum(a, "<character>")
     + checkum(as.list(a), "<list>")
     + u1 <- uniquemap(a)
     + u2 <- uniquemap(as.list(a))
     + if(!isTRUE(all.equal(u1, u2)))
     + stop("Inconsistency between algorithms in uniquemap.default")
     + })
     Error in asplit(x, 2) : could not find function "asplit"
     Calls: local ... eval -> eval -> checkum -> uniquemap -> uniquemap.matrix
     Execution halted
Flavor: r-oldrel-osx-x86_64