CRAN Package Check Results for Package spatstat

Last updated on 2019-07-15 05:48:34 CEST.

Flavor Version Tinstall Tcheck Ttotal Status Flags
r-devel-linux-x86_64-debian-clang 1.60-1 141.12 872.26 1013.38 OK --no-tests
r-devel-linux-x86_64-debian-gcc 1.60-1 128.53 668.59 797.12 OK --no-tests
r-devel-linux-x86_64-fedora-clang 1.60-1 1894.12 NOTE
r-devel-linux-x86_64-fedora-gcc 1.60-1 1720.57 OK
r-devel-windows-ix86+x86_64 1.60-1 265.00 430.00 695.00 NOTE --no-examples --no-tests --no-vignettes
r-patched-linux-x86_64 1.60-1 150.82 880.96 1031.78 OK --no-tests
r-patched-solaris-x86 1.60-1 2567.70 NOTE
r-release-linux-x86_64 1.60-1 140.73 881.58 1022.31 OK --no-tests
r-release-windows-ix86+x86_64 1.60-1 289.00 578.00 867.00 NOTE --no-examples --no-tests --no-vignettes
r-release-osx-x86_64 1.60-1 NOTE
r-oldrel-windows-ix86+x86_64 1.60-1 369.00 406.00 775.00 NOTE --no-examples --no-tests --no-vignettes
r-oldrel-osx-x86_64 1.60-1 NOTE

Check Details

Version: 1.60-1
Check: installed package size
Result: NOTE
     installed size is 18.1Mb
     sub-directories of 1Mb or more:
     R 5.2Mb
     doc 4.9Mb
     help 5.1Mb
     libs 2.0Mb
Flavors: r-devel-linux-x86_64-fedora-clang, r-patched-solaris-x86, r-release-osx-x86_64, r-oldrel-osx-x86_64

Version: 1.60-1
Flags: --no-examples --no-tests --no-vignettes
Check: installed package size
Result: NOTE
     installed size is 17.4Mb
     sub-directories of 1Mb or more:
     R 5.2Mb
     doc 4.9Mb
     help 5.2Mb
     libs 1.2Mb
Flavors: r-devel-windows-ix86+x86_64, r-release-windows-ix86+x86_64, r-oldrel-windows-ix86+x86_64

Version: 1.60-1
Check: package dependencies
Result: NOTE
    Package suggested but not available for checking: ‘rpanel’
Flavors: r-release-osx-x86_64, r-oldrel-osx-x86_64