CRAN Package Check Results for Package spcosa

Last updated on 2021-01-16 05:47:20 CET.

Flavor Version Tinstall Tcheck Ttotal Status Flags
r-devel-linux-x86_64-debian-clang 0.3-10 10.95 194.59 205.54 OK
r-devel-linux-x86_64-debian-gcc 0.3-10 9.24 146.96 156.20 OK
r-devel-linux-x86_64-fedora-clang 0.3-10 262.98 NOTE
r-devel-linux-x86_64-fedora-gcc 0.3-10 238.58 NOTE
r-devel-windows-ix86+x86_64 0.3-10 18.00 197.00 215.00 OK
r-patched-linux-x86_64 0.3-10 9.99 185.38 195.37 OK
r-patched-solaris-x86 0.3-10 306.50 WARN
r-release-linux-x86_64 0.3-10 10.49 185.71 196.20 OK
r-release-macos-x86_64 0.3-10 NOTE
r-release-windows-ix86+x86_64 0.3-10 20.00 184.00 204.00 OK
r-oldrel-macos-x86_64 0.3-10 WARN
r-oldrel-windows-ix86+x86_64 0.3-10 21.00 228.00 249.00 OK

Additional issues

M1mac

Check Details

Version: 0.3-10
Check: dependencies in R code
Result: NOTE
    Namespaces in Imports field not imported from:
     ‘gstat’ ‘rgdal’
     All declared Imports should be used.
Flavors: r-devel-linux-x86_64-fedora-clang, r-devel-linux-x86_64-fedora-gcc, r-patched-solaris-x86, r-release-macos-x86_64, r-oldrel-macos-x86_64

Version: 0.3-10
Check: re-building of vignette outputs
Result: WARN
    Error(s) in re-building vignettes:
     ...
    --- re-building ‘spcosa.Rmd’ using rmarkdown
    Warning in engine$weave(file, quiet = quiet, encoding = enc) :
     Pandoc (>= 1.12.3) and/or pandoc-citeproc not available. Falling back to R Markdown v1.
    Loading required package: sp
    rgdal: version: 1.5-19, (SVN revision 1092)
    Geospatial Data Abstraction Library extensions to R successfully loaded
    Loaded GDAL runtime: GDAL 2.2.4, released 2018/03/19
    Path to GDAL shared files: /usr/local/share/gdal
    GDAL binary built with GEOS: TRUE
    Loaded PROJ runtime: Rel. 5.2.0, September 15th, 2018, [PJ_VERSION: 520]
    Path to PROJ shared files: (autodetected)
    Linking to sp version:1.4-4
    Quitting from lines 465-474 (spcosa.Rmd)
    Error: processing vignette 'spcosa.Rmd' failed with diagnostics:
    no arguments in initialization list
    --- failed re-building ‘spcosa.Rmd’
    
    SUMMARY: processing the following file failed:
     ‘spcosa.Rmd’
    
    Error: Vignette re-building failed.
    Execution halted
Flavor: r-patched-solaris-x86

Version: 0.3-10
Check: re-building of vignette outputs
Result: WARN
    Error(s) in re-building vignettes:
     ...
    --- re-building ‘spcosa.Rmd’ using rmarkdown
    Warning in engine$weave(file, quiet = quiet, encoding = enc) :
     Pandoc (>= 1.12.3) and/or pandoc-citeproc not available. Falling back to R Markdown v1.
    Loading required package: sp
    rgdal: version: 1.5-19, (SVN revision 1092)
    Geospatial Data Abstraction Library extensions to R successfully loaded
    Loaded GDAL runtime: GDAL 2.4.2, released 2019/06/28
    Path to GDAL shared files: /Volumes/SSD-Data/Builds/R-dev-web/QA/Simon/packages/el-capitan-x86_64/Rlib/3.6/rgdal/gdal
    GDAL binary built with GEOS: FALSE
    Loaded PROJ runtime: Rel. 5.2.0, September 15th, 2018, [PJ_VERSION: 520]
    Path to PROJ shared files: /Volumes/SSD-Data/Builds/R-dev-web/QA/Simon/packages/el-capitan-x86_64/Rlib/3.6/rgdal/proj
    Linking to sp version:1.4-4
    Overwritten PROJ_LIB was /Volumes/SSD-Data/Builds/R-dev-web/QA/Simon/packages/el-capitan-x86_64/Rlib/3.6/rgdal/proj
    Quitting from lines 465-474 (spcosa.Rmd)
    Error: processing vignette 'spcosa.Rmd' failed with diagnostics:
    no arguments in initialization list
    --- failed re-building ‘spcosa.Rmd’
    
    SUMMARY: processing the following file failed:
     ‘spcosa.Rmd’
    
    Error: Vignette re-building failed.
    Execution halted
Flavor: r-oldrel-macos-x86_64