CRAN Package Check Results for Package sperich

Last updated on 2019-09-15 05:46:27 CEST.

Flavor Version Tinstall Tcheck Ttotal Status Flags
r-devel-linux-x86_64-debian-clang 1.5-7 2.92 37.90 40.82 NOTE
r-devel-linux-x86_64-debian-gcc 1.5-7 2.88 30.00 32.88 NOTE
r-devel-linux-x86_64-fedora-clang 1.5-7 48.84 NOTE
r-devel-linux-x86_64-fedora-gcc 1.5-7 47.53 NOTE
r-devel-windows-ix86+x86_64 1.5-7 9.00 51.00 60.00 OK
r-patched-linux-x86_64 1.5-7 2.68 37.66 40.34 OK
r-patched-solaris-x86 1.5-7 73.00 OK
r-release-linux-x86_64 1.5-7 3.33 37.43 40.76 OK
r-release-windows-ix86+x86_64 1.5-7 6.00 71.00 77.00 OK
r-release-osx-x86_64 1.5-7 OK
r-oldrel-windows-ix86+x86_64 1.5-7 7.00 48.00 55.00 OK
r-oldrel-osx-x86_64 1.5-7 OK

Check Details

Version: 1.5-7
Check: for non-standard things in the check directory
Result: NOTE
    Found the following files/directories:
     'species.richness.tif'
Flavors: r-devel-linux-x86_64-debian-clang, r-devel-linux-x86_64-debian-gcc, r-devel-linux-x86_64-fedora-clang, r-devel-linux-x86_64-fedora-gcc