CRAN Package Check Results for Package sperich

Last updated on 2019-06-19 05:48:25 CEST.

Flavor Version Tinstall Tcheck Ttotal Status Flags
r-devel-linux-x86_64-debian-clang 1.5-7 3.41 37.34 40.75 NOTE
r-devel-linux-x86_64-debian-gcc 1.5-7 2.70 30.00 32.70 NOTE
r-devel-linux-x86_64-fedora-clang 1.5-7 55.00 NOTE
r-devel-linux-x86_64-fedora-gcc 1.5-7 46.53 NOTE
r-devel-windows-ix86+x86_64 1.5-7 8.00 71.00 79.00 OK
r-patched-linux-x86_64 1.5-7 3.48 37.73 41.21 OK
r-patched-solaris-x86 1.5-7 75.00 OK
r-release-linux-x86_64 1.5-7 3.06 37.68 40.74 OK
r-release-windows-ix86+x86_64 1.5-7 7.00 67.00 74.00 OK
r-release-osx-x86_64 1.5-7 OK
r-oldrel-windows-ix86+x86_64 1.5-7 4.00 67.00 71.00 OK
r-oldrel-osx-x86_64 1.5-7 OK

Check Details

Version: 1.5-7
Check: for non-standard things in the check directory
Result: NOTE
    Found the following files/directories:
     'species.richness.tif'
Flavors: r-devel-linux-x86_64-debian-clang, r-devel-linux-x86_64-debian-gcc, r-devel-linux-x86_64-fedora-clang, r-devel-linux-x86_64-fedora-gcc