Last updated on 2022-08-11 05:54:42 CEST.
Flavor | Version | Tinstall | Tcheck | Ttotal | Status | Flags |
---|---|---|---|---|---|---|
r-devel-linux-x86_64-debian-clang | 1.0.1 | 193.99 | 168.10 | 362.09 | OK | |
r-devel-linux-x86_64-debian-gcc | 1.0.1 | 168.06 | 120.14 | 288.20 | OK | |
r-devel-linux-x86_64-fedora-clang | 1.0.1 | 519.24 | NOTE | |||
r-devel-linux-x86_64-fedora-gcc | 1.0.1 | 481.29 | NOTE | |||
r-devel-windows-x86_64 | 1.0.1 | 302.00 | 306.00 | 608.00 | OK | |
r-patched-linux-x86_64 | 1.0.1 | 163.41 | 155.87 | 319.28 | OK | |
r-release-linux-x86_64 | 1.0.1 | OK | ||||
r-release-macos-arm64 | 1.0.1 | 163.00 | NOTE | |||
r-release-macos-x86_64 | 1.0.1 | 188.00 | NOTE | |||
r-release-windows-x86_64 | 1.0.1 | 168.00 | 303.00 | 471.00 | OK | |
r-oldrel-macos-arm64 | 1.0.1 | 224.00 | NOTE | |||
r-oldrel-macos-x86_64 | 1.0.1 | 183.00 | NOTE | |||
r-oldrel-windows-ix86+x86_64 | 1.0.1 | 468.00 | 494.00 | 962.00 | OK |
Version: 1.0.1
Check: installed package size
Result: NOTE
installed size is 14.3Mb
sub-directories of 1Mb or more:
libs 13.3Mb
Flavors: r-devel-linux-x86_64-fedora-clang, r-release-macos-arm64, r-release-macos-x86_64, r-oldrel-macos-arm64, r-oldrel-macos-x86_64
Version: 1.0.1
Check: data for non-ASCII characters
Result: NOTE
Note: found 189 marked UTF-8 strings
Flavors: r-devel-linux-x86_64-fedora-clang, r-devel-linux-x86_64-fedora-gcc, r-release-macos-arm64, r-release-macos-x86_64, r-oldrel-macos-arm64, r-oldrel-macos-x86_64