Last updated on 2023-10-01 06:53:20 CEST.
Flavor | Version | Tinstall | Tcheck | Ttotal | Status | Flags |
---|---|---|---|---|---|---|
r-devel-linux-x86_64-debian-clang | 1.1-19 | 19.86 | 138.28 | 158.14 | OK | |
r-devel-linux-x86_64-debian-gcc | 1.1-19 | 15.58 | 102.20 | 117.78 | OK | |
r-devel-linux-x86_64-fedora-clang | 1.1-19 | 199.66 | OK | |||
r-devel-linux-x86_64-fedora-gcc | 1.1-19 | 204.46 | OK | |||
r-devel-windows-x86_64 | 1.1-19 | 19.00 | 95.00 | 114.00 | OK | --no-vignettes |
r-patched-linux-x86_64 | 1.1-19 | 18.52 | 126.83 | 145.35 | OK | |
r-release-linux-x86_64 | 1.1-19 | 19.21 | 129.48 | 148.69 | OK | |
r-release-macos-arm64 | 1.1-19 | 66.00 | OK | |||
r-release-macos-x86_64 | 1.1-19 | 103.00 | NOTE | |||
r-release-windows-x86_64 | 1.1-19 | 24.00 | 128.00 | 152.00 | OK | --no-vignettes |
r-oldrel-macos-arm64 | 1.1-19 | 52.00 | OK | |||
r-oldrel-macos-x86_64 | 1.1-19 | 77.00 | OK | |||
r-oldrel-windows-x86_64 | 1.1-19 | 23.00 | 123.00 | 146.00 | OK | --no-vignettes |
Version: 1.1-19
Check: package dependencies
Result: NOTE
Package suggested but not available for checking: ‘mboost’
Flavor: r-release-macos-x86_64