CRAN Package Check Results for Package splithalf

Last updated on 2019-03-23 05:48:20 CET.

Flavor Version Tinstall Tcheck Ttotal Status Flags
r-devel-linux-x86_64-debian-clang 0.3.1 6.27 56.35 62.62 OK
r-devel-linux-x86_64-debian-gcc 0.3.1 3.61 43.49 47.10 OK
r-devel-linux-x86_64-fedora-clang 0.3.1 74.43 OK
r-devel-linux-x86_64-fedora-gcc 0.3.1 77.95 OK
r-devel-windows-ix86+x86_64 0.3.1 14.00 91.00 105.00 OK
r-patched-linux-x86_64 0.3.1 5.11 54.82 59.93 OK
r-patched-solaris-x86 0.3.1 103.50 OK
r-release-linux-x86_64 0.3.1 0.31 2.27 2.58 ERROR
r-release-windows-ix86+x86_64 0.3.1 7.00 73.00 80.00 OK
r-release-osx-x86_64 0.3.1 OK
r-oldrel-windows-ix86+x86_64 0.3.1 13.00 105.00 118.00 OK
r-oldrel-osx-x86_64 0.3.1 OK

Check Details

Version: 0.3.1
Check: whether package can be installed
Result: ERROR
    Installation failed.
Flavor: r-release-linux-x86_64