CRAN Package Check Results for Package sport

Last updated on 2022-08-12 05:53:00 CEST.

Flavor Version Tinstall Tcheck Ttotal Status Flags
r-devel-linux-x86_64-debian-clang 0.2.0 30.87 113.64 144.51 OK
r-devel-linux-x86_64-debian-gcc 0.2.0 25.77 83.83 109.60 OK
r-devel-linux-x86_64-fedora-clang 0.2.0 189.84 NOTE
r-devel-linux-x86_64-fedora-gcc 0.2.0 181.48 NOTE
r-devel-windows-x86_64 0.2.0 35.00 165.00 200.00 OK
r-patched-linux-x86_64 0.2.0 27.75 106.34 134.09 OK
r-release-linux-x86_64 0.2.0 25.29 105.37 130.66 OK
r-release-macos-arm64 0.2.0 55.00 NOTE
r-release-macos-x86_64 0.2.0 94.00 NOTE
r-release-windows-x86_64 0.2.0 38.00 166.00 204.00 OK
r-oldrel-macos-arm64 0.2.0 61.00 NOTE
r-oldrel-macos-x86_64 0.2.0 99.00 NOTE
r-oldrel-windows-ix86+x86_64 0.2.0 75.00 209.00 284.00 OK

Check Details

Version: 0.2.0
Check: data for non-ASCII characters
Result: NOTE
     Note: found 7587 marked UTF-8 strings
Flavors: r-devel-linux-x86_64-fedora-clang, r-devel-linux-x86_64-fedora-gcc, r-release-macos-arm64, r-release-macos-x86_64, r-oldrel-macos-arm64, r-oldrel-macos-x86_64