CRAN Package Check Results for Package spsur

Last updated on 2022-01-23 05:58:06 CET.

Flavor Version Tinstall Tcheck Ttotal Status Flags
r-devel-linux-x86_64-debian-clang 1.0.2.0 39.93 358.78 398.71 OK
r-devel-linux-x86_64-debian-gcc 1.0.2.0 37.03 289.41 326.44 OK
r-devel-linux-x86_64-fedora-clang 1.0.2.0 484.19 NOTE
r-devel-linux-x86_64-fedora-gcc 1.0.2.0 465.57 NOTE
r-devel-windows-x86_64-new-UL 1.0.2.0 66.00 367.00 433.00 OK
r-devel-windows-x86_64-new-TK 1.0.2.0 ERROR
r-patched-linux-x86_64 1.0.2.0 39.75 349.92 389.67 OK
r-release-linux-x86_64 1.0.2.0 37.09 345.51 382.60 OK
r-release-macos-arm64 1.0.2.0 NOTE
r-release-macos-x86_64 1.0.2.0 NOTE
r-release-windows-ix86+x86_64 1.0.2.0 88.00 381.00 469.00 OK
r-oldrel-macos-x86_64 1.0.1.8 NOTE
r-oldrel-windows-ix86+x86_64 1.0.1.8 57.00 206.00 263.00 OK

Check Details

Version: 1.0.2.0
Check: dependencies in R code
Result: NOTE
    Namespaces in Imports field not imported from:
     ‘Rdpack’ ‘car’ ‘knitr’ ‘lmtest’ ‘rmarkdown’
     All declared Imports should be used.
Flavors: r-devel-linux-x86_64-fedora-clang, r-devel-linux-x86_64-fedora-gcc, r-release-macos-arm64, r-release-macos-x86_64

Version: 1.0.2.0
Check: package dependencies
Result: ERROR
    Package required but not available: 'car'
    
    See section 'The DESCRIPTION file' in the 'Writing R Extensions'
    manual.
Flavor: r-devel-windows-x86_64-new-TK

Version: 1.0.1.8
Check: dependencies in R code
Result: NOTE
    Namespaces in Imports field not imported from:
     ‘Rdpack’ ‘car’ ‘knitr’ ‘lmtest’ ‘rmarkdown’
     All declared Imports should be used.
Flavor: r-oldrel-macos-x86_64