CRAN Package Check Results for Package spsurv

Last updated on 2020-11-28 05:51:20 CET.

Flavor Version Tinstall Tcheck Ttotal Status Flags
r-devel-linux-x86_64-debian-clang 1.0.0 278.03 223.67 501.70 NOTE
r-devel-linux-x86_64-debian-gcc 1.0.0 454.70 181.90 636.60 NOTE
r-devel-linux-x86_64-fedora-clang 1.0.0 690.43 NOTE
r-devel-linux-x86_64-fedora-gcc 1.0.0 711.32 NOTE
r-devel-windows-ix86+x86_64 1.0.0 585.00 345.00 930.00 NOTE
r-patched-linux-x86_64 1.0.0 413.17 243.50 656.67 NOTE
r-patched-solaris-x86 1.0.0 711.40 NOTE
r-release-linux-x86_64 1.0.0 412.98 237.29 650.27 NOTE
r-release-macos-x86_64 1.0.0 NOTE
r-release-windows-ix86+x86_64 1.0.0 434.00 360.00 794.00 NOTE
r-oldrel-macos-x86_64 1.0.0 NOTE
r-oldrel-windows-ix86+x86_64 1.0.0 469.00 409.00 878.00 NOTE

Check Details

Version: 1.0.0
Check: for GNU extensions in Makefiles
Result: NOTE
    GNU make is a SystemRequirements.
Flavors: r-devel-linux-x86_64-debian-clang, r-devel-linux-x86_64-debian-gcc, r-devel-linux-x86_64-fedora-clang, r-devel-linux-x86_64-fedora-gcc, r-devel-windows-ix86+x86_64, r-patched-linux-x86_64, r-patched-solaris-x86, r-release-linux-x86_64, r-release-macos-x86_64, r-release-windows-ix86+x86_64, r-oldrel-macos-x86_64, r-oldrel-windows-ix86+x86_64

Version: 1.0.0
Check: installed package size
Result: NOTE
     installed size is 57.2Mb
     sub-directories of 1Mb or more:
     doc 1.5Mb
     libs 55.3Mb
Flavors: r-devel-linux-x86_64-fedora-clang, r-devel-windows-ix86+x86_64, r-release-macos-x86_64, r-release-windows-ix86+x86_64, r-oldrel-macos-x86_64, r-oldrel-windows-ix86+x86_64

Version: 1.0.0
Check: dependencies in R code
Result: NOTE
    Namespace in Imports field not imported from: ‘rstantools’
     All declared Imports should be used.
Flavors: r-devel-linux-x86_64-fedora-clang, r-devel-linux-x86_64-fedora-gcc, r-patched-solaris-x86, r-release-macos-x86_64, r-oldrel-macos-x86_64