CRAN Package Check Results for Package spup

Last updated on 2022-01-23 05:58:06 CET.

Flavor Version Tinstall Tcheck Ttotal Status Flags
r-devel-linux-x86_64-debian-clang 1.3-2 25.31 384.75 410.06 OK
r-devel-linux-x86_64-debian-gcc 1.3-2 25.52 311.20 336.72 OK
r-devel-linux-x86_64-fedora-clang 1.3-2 414.53 NOTE
r-devel-linux-x86_64-fedora-gcc 1.3-2 541.20 NOTE
r-devel-windows-x86_64-new-UL 1.3-2 73.00 396.00 469.00 OK
r-devel-windows-x86_64-new-TK 1.3-2 NOTE
r-patched-linux-x86_64 1.3-2 27.73 368.79 396.52 OK
r-release-linux-x86_64 1.3-2 26.19 368.72 394.91 OK
r-release-macos-arm64 1.3-2 NOTE
r-release-macos-x86_64 1.3-2 NOTE
r-release-windows-ix86+x86_64 1.3-2 60.00 405.00 465.00 OK
r-oldrel-macos-x86_64 1.3-2 NOTE
r-oldrel-windows-ix86+x86_64 1.3-2 64.00 421.00 485.00 OK

Check Details

Version: 1.3-2
Check: dependencies in R code
Result: NOTE
    Namespace in Imports field not imported from: ‘sp’
     All declared Imports should be used.
Flavors: r-devel-linux-x86_64-fedora-clang, r-devel-linux-x86_64-fedora-gcc, r-devel-windows-x86_64-new-TK, r-release-macos-arm64, r-release-macos-x86_64, r-oldrel-macos-x86_64