CRAN Package Check Results for Package ssaBSS

Last updated on 2024-06-14 06:53:48 CEST.

Flavor Version Tinstall Tcheck Ttotal Status Flags
r-devel-linux-x86_64-debian-clang 0.1.1 13.52 132.95 146.47 NOTE
r-devel-linux-x86_64-debian-gcc 0.1.1 10.98 97.36 108.34 NOTE
r-devel-linux-x86_64-fedora-clang 0.1.1 181.53 NOTE
r-devel-linux-x86_64-fedora-gcc 0.1.1 170.61 NOTE
r-devel-windows-x86_64 0.1.1 14.00 106.00 120.00 NOTE
r-patched-linux-x86_64 0.1.1 11.89 125.93 137.82 NOTE
r-release-linux-x86_64 0.1.1 13.63 125.75 139.38 NOTE
r-release-macos-arm64 0.1.1 49.00 NOTE
r-release-macos-x86_64 0.1.1 71.00 NOTE
r-release-windows-x86_64 0.1.1 13.00 107.00 120.00 NOTE
r-oldrel-macos-arm64 0.1.1 55.00 OK
r-oldrel-macos-x86_64 0.1.1 87.00 OK
r-oldrel-windows-x86_64 0.1.1 18.00 129.00 147.00 OK

Check Details

Version: 0.1.1
Check: Rd files
Result: NOTE checkRd: (-1) ssaBSS-package.Rd:22: Lost braces in \itemize; meant \describe ? checkRd: (-1) ssaBSS-package.Rd:23: Lost braces in \itemize; meant \describe ? checkRd: (-1) ssaBSS-package.Rd:24: Lost braces in \itemize; meant \describe ? checkRd: (-1) ssaBSS-package.Rd:25: Lost braces in \itemize; meant \describe ? checkRd: (-1) ssaBSS-package.Rd:26: Lost braces in \itemize; meant \describe ? Flavors: r-devel-linux-x86_64-debian-clang, r-devel-linux-x86_64-debian-gcc, r-devel-linux-x86_64-fedora-clang, r-devel-linux-x86_64-fedora-gcc, r-devel-windows-x86_64, r-patched-linux-x86_64, r-release-linux-x86_64, r-release-macos-arm64, r-release-macos-x86_64, r-release-windows-x86_64