CRAN Package Check Results for Package ssdtools

Last updated on 2022-01-25 05:54:58 CET.

Flavor Version Tinstall Tcheck Ttotal Status Flags
r-devel-linux-x86_64-debian-clang 0.3.7 52.64 185.31 237.95 OK
r-devel-linux-x86_64-debian-gcc 0.3.7 39.85 139.82 179.67 OK
r-devel-linux-x86_64-fedora-clang 0.3.7 336.24 OK
r-devel-linux-x86_64-fedora-gcc 0.3.7 298.25 WARN
r-devel-windows-x86_64-new-UL 0.3.7 195.00 270.00 465.00 OK
r-devel-windows-x86_64-new-TK 0.3.7 OK
r-patched-linux-x86_64 0.3.7 43.12 188.95 232.07 OK
r-release-linux-x86_64 0.3.7 42.89 188.31 231.20 OK
r-release-macos-arm64 0.3.7 OK
r-release-macos-x86_64 0.3.7 OK
r-release-windows-ix86+x86_64 0.3.7 135.00 373.00 508.00 OK
r-oldrel-macos-x86_64 0.3.4 OK
r-oldrel-windows-ix86+x86_64 0.3.4 111.00 368.00 479.00 OK

Check Details

Version: 0.3.7
Check: re-building of vignette outputs
Result: WARN
    Error(s) in re-building vignettes:
    --- re-building ‘distributions.Rmd’ using rmarkdown
    
    Attaching package: 'ssdtools'
    
    The following objects are masked from 'package:stats':
    
     dgamma, dlnorm, dweibull, pgamma, plnorm, pweibull, qgamma, qlnorm,
     qweibull, rgamma, rlnorm, rweibull
    
    --- finished re-building ‘distributions.Rmd’
    
    --- re-building ‘exposure-plots.Rmd’ using rmarkdown
    --- finished re-building ‘exposure-plots.Rmd’
    
    --- re-building ‘faqs.Rmd’ using rmarkdown
    
    Attaching package: 'dplyr'
    
    The following objects are masked from 'package:stats':
    
     filter, lag
    
    The following objects are masked from 'package:base':
    
     intersect, setdiff, setequal, union
    
    --- finished re-building ‘faqs.Rmd’
    
    --- re-building ‘small-sample-bias-ref.Rmd’ using rmarkdown
    Could not fetch https://i.creativecommons.org/l/by/4.0/80x15.png
    HttpExceptionRequest Request {
     host = "i.creativecommons.org"
     port = 443
     secure = True
     requestHeaders = []
     path = "/l/by/4.0/80x15.png"
     queryString = ""
     method = "GET"
     proxy = Nothing
     rawBody = False
     redirectCount = 10
     responseTimeout = ResponseTimeoutDefault
     requestVersion = HTTP/1.1
    }
     ResponseTimeout
    Error: processing vignette 'small-sample-bias-ref.Rmd' failed with diagnostics:
    pandoc document conversion failed with error 61
    --- failed re-building ‘small-sample-bias-ref.Rmd’
    
    --- re-building ‘ssdtools.Rmd’ using rmarkdown
    --- finished re-building ‘ssdtools.Rmd’
    
    --- re-building ‘small-sample-bias.pdf.asis’ using asis
    --- finished re-building ‘small-sample-bias.pdf.asis’
    
    SUMMARY: processing the following file failed:
     ‘small-sample-bias-ref.Rmd’
    
    Error: Vignette re-building failed.
    Execution halted
Flavor: r-devel-linux-x86_64-fedora-gcc