CRAN Package Check Results for Package st

Last updated on 2020-09-23 08:08:43 CEST.

Flavor Version Tinstall Tcheck Ttotal Status Flags
r-devel-linux-x86_64-debian-clang 1.2.5 2.71 30.03 32.74 WARN
r-devel-linux-x86_64-debian-gcc 1.2.5 2.20 23.90 26.10 WARN
r-devel-linux-x86_64-fedora-clang 1.2.5 53.80 WARN
r-devel-linux-x86_64-fedora-gcc 1.2.5 38.69 WARN
r-devel-windows-ix86+x86_64 1.2.5 5.00 41.00 46.00 WARN
r-patched-linux-x86_64 1.2.5 2.73 29.38 32.11 NOTE
r-patched-solaris-x86 1.2.5 62.00 NOTE
r-release-linux-x86_64 1.2.5 2.98 29.27 32.25 NOTE
r-release-macos-x86_64 1.2.5 NOTE
r-release-windows-ix86+x86_64 1.2.5 5.00 62.00 67.00 NOTE
r-oldrel-macos-x86_64 1.2.5 NOTE
r-oldrel-windows-ix86+x86_64 1.2.5 3.00 67.00 70.00 NOTE

Check Details

Version: 1.2.5
Check: dependencies in R code
Result: WARN
    Missing or unexported object: 'limma::ebayes'
Flavors: r-devel-linux-x86_64-debian-clang, r-devel-linux-x86_64-debian-gcc, r-devel-linux-x86_64-fedora-clang, r-devel-linux-x86_64-fedora-gcc, r-devel-windows-ix86+x86_64

Version: 1.2.5
Check: dependencies in R code
Result: NOTE
    Missing or unexported object: ‘limma::ebayes’
Flavors: r-patched-linux-x86_64, r-patched-solaris-x86, r-release-linux-x86_64, r-release-macos-x86_64, r-release-windows-ix86+x86_64, r-oldrel-windows-ix86+x86_64

Version: 1.2.5
Check: package dependencies
Result: NOTE
    Packages suggested but not available for checking: 'limma', 'samr'
Flavor: r-oldrel-macos-x86_64