CRAN Package Check Results for Package starma

Last updated on 2022-08-12 05:53:00 CEST.

Flavor Version Tinstall Tcheck Ttotal Status Flags
r-devel-linux-x86_64-debian-clang 1.3 52.52 84.20 136.72 OK
r-devel-linux-x86_64-debian-gcc 1.3 43.76 62.70 106.46 OK
r-devel-linux-x86_64-fedora-clang 1.3 189.98 NOTE
r-devel-linux-x86_64-fedora-gcc 1.3 183.46 NOTE
r-devel-windows-x86_64 1.3 46.00 126.00 172.00 OK
r-patched-linux-x86_64 1.3 44.97 78.70 123.67 OK
r-release-linux-x86_64 1.3 45.51 77.84 123.35 OK
r-release-macos-arm64 1.3 49.00 OK
r-release-macos-x86_64 1.3 82.00 OK
r-release-windows-x86_64 1.3 47.00 128.00 175.00 OK
r-oldrel-macos-arm64 1.3 55.00 OK
r-oldrel-macos-x86_64 1.3 83.00 OK
r-oldrel-windows-ix86+x86_64 1.3 135.00 167.00 302.00 OK

Check Details

Version: 1.3
Check: compiled code
Result: NOTE
    File ‘starma/libs/starma.so’:
     Found no calls to: ‘R_registerRoutines’, ‘R_useDynamicSymbols’
    
    It is good practice to register native routines and to disable symbol
    search.
    
    See ‘Writing portable packages’ in the ‘Writing R Extensions’ manual.
Flavors: r-devel-linux-x86_64-fedora-clang, r-devel-linux-x86_64-fedora-gcc