CRAN Package Check Results for Package starnet

Last updated on 2021-04-10 05:48:51 CEST.

Flavor Version Tinstall Tcheck Ttotal Status Flags
r-devel-linux-x86_64-debian-clang 0.0.6 5.51 102.36 107.87 NOTE
r-devel-linux-x86_64-debian-gcc 0.0.6 5.73 77.71 83.44 NOTE
r-devel-linux-x86_64-fedora-clang 0.0.6 135.54 NOTE
r-devel-linux-x86_64-fedora-gcc 0.0.6 134.14 NOTE
r-devel-windows-ix86+x86_64 0.0.6 9.00 90.00 99.00 NOTE
r-devel-windows-x86_64-gcc10-UCRT 0.0.6 NOTE
r-patched-linux-x86_64 0.0.6 5.80 97.10 102.90 OK
r-patched-solaris-x86 0.0.6 94.80 OK
r-release-linux-x86_64 0.0.6 OK
r-release-macos-x86_64 0.0.6 OK
r-release-windows-ix86+x86_64 0.0.6 11.00 127.00 138.00 OK
r-oldrel-macos-x86_64 0.0.6 OK
r-oldrel-windows-ix86+x86_64 0.0.6 11.00 89.00 100.00 OK

Check Details

Version: 0.0.6
Check: LazyData
Result: NOTE
     'LazyData' is specified without a 'data' directory
Flavors: r-devel-linux-x86_64-debian-clang, r-devel-linux-x86_64-debian-gcc, r-devel-linux-x86_64-fedora-clang, r-devel-linux-x86_64-fedora-gcc, r-devel-windows-ix86+x86_64, r-devel-windows-x86_64-gcc10-UCRT