CRAN Package Check Results for Package starnet

Last updated on 2024-06-23 06:56:44 CEST.

Flavor Version Tinstall Tcheck Ttotal Status Flags
r-devel-linux-x86_64-debian-clang 0.0.6 5.16 105.58 110.74 NOTE
r-devel-linux-x86_64-debian-gcc 0.0.6 5.33 78.55 83.88 NOTE
r-devel-linux-x86_64-fedora-clang 0.0.6 135.64 NOTE
r-devel-linux-x86_64-fedora-gcc 0.0.6 153.20 NOTE
r-devel-windows-x86_64 0.0.6 7.00 93.00 100.00 NOTE
r-patched-linux-x86_64 0.0.6 5.58 100.88 106.46 NOTE
r-release-linux-x86_64 0.0.6 6.54 100.54 107.08 NOTE
r-release-macos-arm64 0.0.6 48.00 NOTE
r-release-macos-x86_64 0.0.6 76.00 NOTE
r-release-windows-x86_64 0.0.6 7.00 95.00 102.00 NOTE
r-oldrel-macos-arm64 0.0.6 57.00 NOTE
r-oldrel-macos-x86_64 0.0.6 80.00 NOTE
r-oldrel-windows-x86_64 0.0.6 9.00 115.00 124.00 NOTE

Check Details

Version: 0.0.6
Check: LazyData
Result: NOTE 'LazyData' is specified without a 'data' directory Flavors: r-devel-linux-x86_64-debian-clang, r-devel-linux-x86_64-debian-gcc, r-devel-linux-x86_64-fedora-clang, r-devel-linux-x86_64-fedora-gcc, r-devel-windows-x86_64, r-patched-linux-x86_64, r-release-linux-x86_64, r-release-macos-arm64, r-release-macos-x86_64, r-release-windows-x86_64, r-oldrel-macos-arm64, r-oldrel-macos-x86_64, r-oldrel-windows-x86_64

Version: 0.0.6
Check: package dependencies
Result: NOTE Package which this enhances but not available for checking: ‘CVXR’ Flavor: r-oldrel-macos-x86_64