CRAN Package Check Results for Package stars

Last updated on 2022-01-23 05:58:06 CET.

Flavor Version Tinstall Tcheck Ttotal Status Flags
r-devel-linux-x86_64-debian-clang 0.5-5 14.37 349.51 363.88 NOTE
r-devel-linux-x86_64-debian-gcc 0.5-5 13.50 282.60 296.10 NOTE
r-devel-linux-x86_64-fedora-clang 0.5-5 387.86 NOTE
r-devel-linux-x86_64-fedora-gcc 0.5-5 489.04 NOTE
r-devel-windows-x86_64-new-UL 0.5-5 124.00 427.00 551.00 NOTE
r-devel-windows-x86_64-new-TK 0.5-5 NOTE
r-patched-linux-x86_64 0.5-5 14.00 347.07 361.07 NOTE
r-release-linux-x86_64 0.5-5 12.73 342.74 355.47 NOTE
r-release-macos-arm64 0.5-5 NOTE
r-release-macos-x86_64 0.5-5 NOTE
r-release-windows-ix86+x86_64 0.5-5 31.00 454.00 485.00 NOTE
r-oldrel-macos-x86_64 0.5-5 NOTE
r-oldrel-windows-ix86+x86_64 0.5-5 31.00 452.00 483.00 NOTE

Check Details

Version: 0.5-5
Check: package dependencies
Result: NOTE
    Package suggested but not available for checking: 'starsdata'
Flavors: r-devel-linux-x86_64-debian-clang, r-devel-linux-x86_64-debian-gcc, r-devel-linux-x86_64-fedora-clang, r-devel-linux-x86_64-fedora-gcc, r-devel-windows-x86_64-new-UL, r-devel-windows-x86_64-new-TK, r-patched-linux-x86_64, r-release-linux-x86_64, r-release-macos-arm64, r-release-macos-x86_64, r-release-windows-ix86+x86_64, r-oldrel-macos-x86_64, r-oldrel-windows-ix86+x86_64

Version: 0.5-5
Check: installed package size
Result: NOTE
     installed size is 8.8Mb
     sub-directories of 1Mb or more:
     doc 2.3Mb
     nc 4.5Mb
Flavors: r-devel-linux-x86_64-fedora-clang, r-devel-windows-x86_64-new-UL, r-release-macos-arm64, r-release-macos-x86_64, r-release-windows-ix86+x86_64, r-oldrel-macos-x86_64, r-oldrel-windows-ix86+x86_64