Last updated on 2022-06-28 05:51:37 CEST.
Flavor | Version | Tinstall | Tcheck | Ttotal | Status | Flags |
---|---|---|---|---|---|---|
r-devel-linux-x86_64-debian-clang | 0.5-5 | 14.04 | 387.06 | 401.10 | NOTE | |
r-devel-linux-x86_64-debian-gcc | 0.5-5 | 12.75 | 284.66 | 297.41 | NOTE | |
r-devel-linux-x86_64-fedora-clang | 0.5-5 | 489.66 | NOTE | |||
r-devel-linux-x86_64-fedora-gcc | 0.5-5 | 495.08 | NOTE | |||
r-devel-windows-x86_64 | 0.5-5 | 64.00 | 459.00 | 523.00 | NOTE | |
r-patched-linux-x86_64 | 0.5-5 | 16.21 | 367.95 | 384.16 | NOTE | |
r-release-linux-x86_64 | 0.5-5 | 14.10 | 372.32 | 386.42 | NOTE | |
r-release-macos-arm64 | 0.5-5 | 96.00 | ERROR | |||
r-release-macos-x86_64 | 0.5-5 | 139.00 | ERROR | |||
r-release-windows-x86_64 | 0.5-5 | 72.00 | 453.00 | 525.00 | NOTE | |
r-oldrel-macos-arm64 | 0.5-5 | 133.00 | NOTE | |||
r-oldrel-macos-x86_64 | 0.5-5 | 192.00 | NOTE | |||
r-oldrel-windows-ix86+x86_64 | 0.5-5 | 33.00 | 486.00 | 519.00 | NOTE |
Version: 0.5-5
Check: package dependencies
Result: NOTE
Package suggested but not available for checking: 'starsdata'
Flavors: r-devel-linux-x86_64-debian-clang, r-devel-linux-x86_64-debian-gcc, r-devel-linux-x86_64-fedora-clang, r-devel-linux-x86_64-fedora-gcc, r-devel-windows-x86_64, r-patched-linux-x86_64, r-release-linux-x86_64, r-release-macos-arm64, r-release-macos-x86_64, r-release-windows-x86_64, r-oldrel-macos-arm64, r-oldrel-macos-x86_64, r-oldrel-windows-ix86+x86_64
Version: 0.5-5
Check: installed package size
Result: NOTE
installed size is 8.8Mb
sub-directories of 1Mb or more:
doc 2.3Mb
nc 4.5Mb
Flavors: r-devel-linux-x86_64-fedora-clang, r-devel-windows-x86_64, r-release-macos-arm64, r-release-macos-x86_64, r-release-windows-x86_64, r-oldrel-macos-arm64, r-oldrel-macos-x86_64, r-oldrel-windows-ix86+x86_64
Version: 0.5-5
Check: examples
Result: ERROR
Running examples in ‘stars-Ex.R’ failed
The error most likely occurred in:
> ### Name: st_warp
> ### Title: Warp (resample) grids in stars objects to a new grid, possibly
> ### in an new coordinate reference system
> ### Aliases: st_warp
>
> ### ** Examples
>
> geomatrix = system.file("tif/geomatrix.tif", package = "stars")
> (x = read_stars(geomatrix))
stars object with 2 dimensions and 1 attribute
attribute(s):
Min. 1st Qu. Median Mean 3rd Qu. Max.
geomatrix.tif 74 107 123 126.765 132 255
dimension(s):
from to offset delta refsys point values x/y
x 1 20 1841002 1.5 WGS 84 / UTM zone 11N TRUE NULL [x]
y 1 20 1144003 -1.5 WGS 84 / UTM zone 11N TRUE NULL [y]
sheared raster with parameters: -5 -5
> new_crs = st_crs(4326)
> y = st_warp(x, crs = new_crs)
> plot(st_transform(st_as_sfc(st_bbox(x)), new_crs), col = NA, border = 'red')
> plot(st_as_sfc(y, as_points=FALSE), col = NA, border = 'green', axes = TRUE, add = TRUE)
> image(y, add = TRUE, nbreaks = 6)
> plot(st_as_sfc(y, as_points=TRUE), pch=3, cex=.5, col = 'blue', add = TRUE)
> plot(st_transform(st_as_sfc(x, as_points=FALSE), new_crs), add = TRUE)
> # warp 0-360 raster to -180-180 raster:
> r = read_stars(system.file("nc/reduced.nc", package = "stars"))
trying to read file: /Volumes/Builds/packages/big-sur-arm64/results/4.2/stars.Rcheck/stars/nc/reduced.nc
Error in CPL_read_gdal(as.character(x), as.character(options), as.character(driver), :
file not found
Calls: read_stars ... is_big -> read_stars -> <Anonymous> -> CPL_read_gdal
Execution halted
Flavor: r-release-macos-arm64
Version: 0.5-5
Check: tests
Result: ERROR
Running ‘aggregate.R’ [1s/2s]
Comparing ‘aggregate.Rout’ to ‘aggregate.Rout.save’ ...4c4
< Linking to GEOS 3.9.1, GDAL 3.4.2, PROJ 8.2.1; sf_use_s2() is TRUE
---
> Linking to GEOS 3.9.0, GDAL 3.2.1, PROJ 7.2.1
57c57
< file10ea81e314604.tif 33 199.25 365.5 365.5 531.75 698
---
> file46ef83309cd.tif 33 199.25 365.5 365.5 531.75 698
Running ‘area.R’ [1s/1s]
Comparing ‘area.Rout’ to ‘area.Rout.save’ ...51a52,64
> /PRODUCT/longitude,
> /PRODUCT/latitude,
> /PRODUCT/SUPPORT_DATA/DETAILED_RESULTS/nitrogendioxide_summed_total_column,
> stars object with 2 dimensions and 1 attribute
> attribute(s):
> Min. 1st Qu. Median Mean 3rd Qu. Max.
> area [m^2] 25983110 28008871 35690854 42912281 54562137 100943458
> dimension(s):
> from to offset delta refsys point values x/y
> x 1 450 NA NA WGS 84 NA [450x278] -5.81066 [°],...,30.9468 [°] [x]
> y 1 278 NA NA WGS 84 NA [450x278] 28.3605 [°],...,51.4686 [°] [y]
> curvilinear grid
> There were 15 warnings (use warnings() to see them)
Running ‘crop.R’ [2s/2s]
Comparing ‘crop.Rout’ to ‘crop.Rout.save’ ... OK
Running ‘curvilinear.R’ [1s/1s]
Comparing ‘curvilinear.Rout’ to ‘curvilinear.Rout.save’ ...54a55,88
> /PRODUCT/longitude,
> /PRODUCT/latitude,
> /PRODUCT/SUPPORT_DATA/DETAILED_RESULTS/nitrogendioxide_summed_total_column,
> stars object with 3 dimensions and 1 attribute
> attribute(s):
> Min. 1st Qu. Median
> nitrogendioxide_summed_total_c... 3.650813e-05 7.451281e-05 8.296968e-05
> Mean 3rd Qu. Max. NA's
> nitrogendioxide_summed_total_c... 8.581399e-05 9.397442e-05 0.0004535302 330
> dimension(s):
> from to offset delta refsys point values
> x 1 450 NA NA WGS 84 NA [450x278] -5.81066 [°],...,30.9468 [°]
> y 1 278 NA NA WGS 84 NA [450x278] 28.3605 [°],...,51.4686 [°]
> time 1 1 NA NA NA NA NULL
> x/y
> x [x]
> y [y]
> time
> curvilinear grid
> stars object with 3 dimensions and 1 attribute
> attribute(s):
> Min. 1st Qu. Median
> nitrogendioxide_summed_total_c... 4.383528e-05 7.480038e-05 8.344652e-05
> Mean 3rd Qu. Max. NA's
> nitrogendioxide_summed_total_c... 8.607374e-05 9.398567e-05 0.000192237 32
> dimension(s):
> from to offset delta refsys point values x/y
> x 1 50 NA NA WGS 84 NA [50x31] -5.81066 [°],...,30.1405 [°] [x]
> y 1 31 NA NA WGS 84 NA [50x31] 28.7828 [°],...,51.4686 [°] [y]
> time 1 1 NA NA NA NA NULL
> curvilinear grid
> null device
> 1
> There were 15 warnings (use warnings() to see them)
Running ‘datasets.R’ [1s/1s]
Comparing ‘datasets.Rout’ to ‘datasets.Rout.save’ ...30,32c30,38
< Warning message:
< In library(package, lib.loc = lib.loc, character.only = TRUE, logical.return = TRUE, :
< there is no package called 'starsdata'
---
> stars_proxy object with 1 attribute in 1 file(s):
> $`MTD_MSIL1C.xml:10m:EPSG_32632`
> [1] "[...]/MTD_MSIL1C.xml:10m:EPSG_32632"
>
> dimension(s):
> from to offset delta refsys point values x/y
> x 1 10980 3e+05 10 WGS 84 / UTM zone 32N NA NULL [x]
> y 1 10980 6e+06 -10 WGS 84 / UTM zone 32N NA NULL [y]
> band 1 4 NA NA NA NA B4,...,B8
Running ‘dimensions.R’ [1s/1s]
Running the tests in ‘tests/dimensions.R’ failed.
Complete output:
> # https://github.com/r-spatial/stars/issues/295
> suppressPackageStartupMessages(library(stars))
> raw <- read_stars(system.file("nc/bcsd_obs_1999.nc", package = "stars"))
trying to read file: /Volumes/Builds/packages/big-sur-arm64/results/4.2/stars.Rcheck/stars/nc/bcsd_obs_1999.nc
Error in CPL_read_gdal(as.character(x), as.character(options), as.character(driver), :
file not found
Calls: read_stars ... is_big -> read_stars -> <Anonymous> -> CPL_read_gdal
Execution halted
Flavor: r-release-macos-arm64
Version: 0.5-5
Check: examples
Result: ERROR
Running examples in ‘stars-Ex.R’ failed
The error most likely occurred in:
> ### Name: st_warp
> ### Title: Warp (resample) grids in stars objects to a new grid, possibly
> ### in an new coordinate reference system
> ### Aliases: st_warp
>
> ### ** Examples
>
> geomatrix = system.file("tif/geomatrix.tif", package = "stars")
> (x = read_stars(geomatrix))
stars object with 2 dimensions and 1 attribute
attribute(s):
Min. 1st Qu. Median Mean 3rd Qu. Max.
geomatrix.tif 74 107 123 126.765 132 255
dimension(s):
from to offset delta refsys point values x/y
x 1 20 1841002 1.5 WGS 84 / UTM zone 11N TRUE NULL [x]
y 1 20 1144003 -1.5 WGS 84 / UTM zone 11N TRUE NULL [y]
sheared raster with parameters: -5 -5
> new_crs = st_crs(4326)
> y = st_warp(x, crs = new_crs)
> plot(st_transform(st_as_sfc(st_bbox(x)), new_crs), col = NA, border = 'red')
> plot(st_as_sfc(y, as_points=FALSE), col = NA, border = 'green', axes = TRUE, add = TRUE)
> image(y, add = TRUE, nbreaks = 6)
> plot(st_as_sfc(y, as_points=TRUE), pch=3, cex=.5, col = 'blue', add = TRUE)
> plot(st_transform(st_as_sfc(x, as_points=FALSE), new_crs), add = TRUE)
> # warp 0-360 raster to -180-180 raster:
> r = read_stars(system.file("nc/reduced.nc", package = "stars"))
trying to read file: /Volumes/Builds/packages/high-sierra-x86_64/results/4.2/stars.Rcheck/stars/nc/reduced.nc
Error in CPL_read_gdal(as.character(x), as.character(options), as.character(driver), :
file not found
Calls: read_stars ... is_big -> read_stars -> <Anonymous> -> CPL_read_gdal
Execution halted
Flavor: r-release-macos-x86_64
Version: 0.5-5
Check: tests
Result: ERROR
Running ‘aggregate.R’ [2s/2s]
Comparing ‘aggregate.Rout’ to ‘aggregate.Rout.save’ ...4c4
< Linking to GEOS 3.10.2, GDAL 3.4.2, PROJ 8.2.1; sf_use_s2() is TRUE
---
> Linking to GEOS 3.9.0, GDAL 3.2.1, PROJ 7.2.1
57c57
< filed34852115a31.tif 33 199.25 365.5 365.5 531.75 698
---
> file46ef83309cd.tif 33 199.25 365.5 365.5 531.75 698
Running ‘area.R’ [1s/1s]
Comparing ‘area.Rout’ to ‘area.Rout.save’ ...51a52,64
> /PRODUCT/longitude,
> /PRODUCT/latitude,
> /PRODUCT/SUPPORT_DATA/DETAILED_RESULTS/nitrogendioxide_summed_total_column,
> stars object with 2 dimensions and 1 attribute
> attribute(s):
> Min. 1st Qu. Median Mean 3rd Qu. Max.
> area [m^2] 25983110 28008871 35690854 42912281 54562137 100943458
> dimension(s):
> from to offset delta refsys point values x/y
> x 1 450 NA NA WGS 84 NA [450x278] -5.81066 [°],...,30.9468 [°] [x]
> y 1 278 NA NA WGS 84 NA [450x278] 28.3605 [°],...,51.4686 [°] [y]
> curvilinear grid
> There were 15 warnings (use warnings() to see them)
Running ‘crop.R’ [3s/3s]
Comparing ‘crop.Rout’ to ‘crop.Rout.save’ ... OK
Running ‘curvilinear.R’ [1s/1s]
Comparing ‘curvilinear.Rout’ to ‘curvilinear.Rout.save’ ...54a55,88
> /PRODUCT/longitude,
> /PRODUCT/latitude,
> /PRODUCT/SUPPORT_DATA/DETAILED_RESULTS/nitrogendioxide_summed_total_column,
> stars object with 3 dimensions and 1 attribute
> attribute(s):
> Min. 1st Qu. Median
> nitrogendioxide_summed_total_c... 3.650813e-05 7.451281e-05 8.296968e-05
> Mean 3rd Qu. Max. NA's
> nitrogendioxide_summed_total_c... 8.581399e-05 9.397442e-05 0.0004535302 330
> dimension(s):
> from to offset delta refsys point values
> x 1 450 NA NA WGS 84 NA [450x278] -5.81066 [°],...,30.9468 [°]
> y 1 278 NA NA WGS 84 NA [450x278] 28.3605 [°],...,51.4686 [°]
> time 1 1 NA NA NA NA NULL
> x/y
> x [x]
> y [y]
> time
> curvilinear grid
> stars object with 3 dimensions and 1 attribute
> attribute(s):
> Min. 1st Qu. Median
> nitrogendioxide_summed_total_c... 4.383528e-05 7.480038e-05 8.344652e-05
> Mean 3rd Qu. Max. NA's
> nitrogendioxide_summed_total_c... 8.607374e-05 9.398567e-05 0.000192237 32
> dimension(s):
> from to offset delta refsys point values x/y
> x 1 50 NA NA WGS 84 NA [50x31] -5.81066 [°],...,30.1405 [°] [x]
> y 1 31 NA NA WGS 84 NA [50x31] 28.7828 [°],...,51.4686 [°] [y]
> time 1 1 NA NA NA NA NULL
> curvilinear grid
> null device
> 1
> There were 15 warnings (use warnings() to see them)
Running ‘datasets.R’ [1s/1s]
Comparing ‘datasets.Rout’ to ‘datasets.Rout.save’ ...30,32c30,38
< Warning message:
< In library(package, lib.loc = lib.loc, character.only = TRUE, logical.return = TRUE, :
< there is no package called 'starsdata'
---
> stars_proxy object with 1 attribute in 1 file(s):
> $`MTD_MSIL1C.xml:10m:EPSG_32632`
> [1] "[...]/MTD_MSIL1C.xml:10m:EPSG_32632"
>
> dimension(s):
> from to offset delta refsys point values x/y
> x 1 10980 3e+05 10 WGS 84 / UTM zone 32N NA NULL [x]
> y 1 10980 6e+06 -10 WGS 84 / UTM zone 32N NA NULL [y]
> band 1 4 NA NA NA NA B4,...,B8
Running ‘dimensions.R’ [1s/1s]
Running the tests in ‘tests/dimensions.R’ failed.
Complete output:
> # https://github.com/r-spatial/stars/issues/295
> suppressPackageStartupMessages(library(stars))
> raw <- read_stars(system.file("nc/bcsd_obs_1999.nc", package = "stars"))
trying to read file: /Volumes/Builds/packages/high-sierra-x86_64/results/4.2/stars.Rcheck/stars/nc/bcsd_obs_1999.nc
Error in CPL_read_gdal(as.character(x), as.character(options), as.character(driver), :
file not found
Calls: read_stars ... is_big -> read_stars -> <Anonymous> -> CPL_read_gdal
Execution halted
Flavor: r-release-macos-x86_64