CRAN Package Check Results for Package starsTileServer

Last updated on 2022-08-19 05:53:03 CEST.

Flavor Version Tinstall Tcheck Ttotal Status Flags
r-devel-linux-x86_64-debian-clang 0.1 8.66 81.32 89.98 NOTE
r-devel-linux-x86_64-debian-gcc 0.1 6.28 61.77 68.05 NOTE
r-devel-linux-x86_64-fedora-clang 0.1 118.17 NOTE
r-devel-linux-x86_64-fedora-gcc 0.1 110.98 NOTE
r-devel-windows-x86_64 0.1 14.00 113.00 127.00 NOTE
r-patched-linux-x86_64 0.1 7.71 76.18 83.89 OK
r-release-linux-x86_64 0.1 OK
r-release-macos-arm64 0.1 36.00 OK
r-release-macos-x86_64 0.1 57.00 OK
r-release-windows-x86_64 0.1 28.00 117.00 145.00 OK
r-oldrel-macos-arm64 0.1 33.00 OK
r-oldrel-macos-x86_64 0.1 49.00 OK
r-oldrel-windows-ix86+x86_64 0.1 20.00 110.00 130.00 OK

Check Details

Version: 0.1
Check: HTML version of manual
Result: NOTE
    Found the following HTML validation problems:
    starsTileServer.html:73:6: Warning: missing </span> before <p>
    starsTileServer.html:73:97: Warning: inserting implicit <span>
    starsTileServer.html:76:6: Warning: missing </span> before <p>
    starsTileServer.html:76:92: Warning: inserting implicit <span>
    starsTileServer.html:79:6: Warning: missing </span> before <p>
    starsTileServer.html:79:94: Warning: inserting implicit <span>
    starsTileServer.html:82:6: Warning: missing </span> before <p>
    starsTileServer.html:82:92: Warning: inserting implicit <span>
    starsTileServer.html:85:6: Warning: missing </span> before <p>
    starsTileServer.html:85:101: Warning: inserting implicit <span>
    starsTileServer.html:88:6: Warning: missing </span> before <p>
    starsTileServer.html:88:87: Warning: inserting implicit <span>
    starsTileServer.html:91:6: Warning: missing </span> before <p>
    starsTileServer.html:91:89: Warning: inserting implicit <span>
    starsTileServer.html:94:6: Warning: missing </span> before <p>
    starsTileServer.html:94:93: Warning: inserting implicit <span>
    starsTileServer.html:97:6: Warning: missing </span> before <p>
    starsTileServer.html:97:91: Warning: inserting implicit <span>
    starsTileServer.html:100:6: Warning: missing </span> before <p>
    starsTileServer.html:100:89: Warning: inserting implicit <span>
    starsTileServer.html:103:6: Warning: missing </span> before <p>
    starsTileServer.html:103:88: Warning: inserting implicit <span>
    starsTileServer.html:106:6: Warning: missing </span> before <p>
    starsTileServer.html:106:92: Warning: inserting implicit <span>
    starsTileServer.html:109:6: Warning: missing </span> before <p>
    starsTileServer.html:109:91: Warning: inserting implicit <span>
    starsTileServer.html:112:6: Warning: missing </span> before <p>
    starsTileServer.html:112:94: Warning: inserting implicit <span>
    starsTileServer.html:115:6: Warning: missing </span> before <p>
    starsTileServer.html:115:88: Warning: inserting implicit <span>
    starsTileServer.html:118:6: Warning: missing </span> before <p>
    starsTileServer.html:118:95: Warning: inserting implicit <span>
    starsTileServer.html:121:6: Warning: missing </span> before <p>
    starsTileServer.html:121:95: Warning: inserting implicit <span>
    starsTileServer.html:124:6: Warning: missing </span> before <p>
    starsTileServer.html:124:88: Warning: inserting implicit <span>
    starsTileServer.html:127:6: Warning: missing </span> before <p>
    starsTileServer.html:127:86: Warning: inserting implicit <span>
    starsTileServer.html:130:6: Warning: missing </span> before <p>
    starsTileServer.html:130:88: Warning: inserting implicit <span>
    starsTileServer.html:133:6: Warning: missing </span> before <p>
    starsTileServer.html:133:96: Warning: inserting implicit <span>
    starsTileServer.html:136:6: Warning: missing </span> before <p>
    starsTileServer.html:136:93: Warning: inserting implicit <span>
    starsTileServer.html:139:6: Warning: missing </span> before <p>
    starsTileServer.html:139:91: Warning: inserting implicit <span>
    starsTileServer.html:142:6: Warning: missing </span> before <p>
    starsTileServer.html:142:90: Warning: inserting implicit <span>
    starsTileServer.html:145:6: Warning: missing </span> before <p>
    starsTileServer.html:145:98: Warning: inserting implicit <span>
    starsTileServer.html:148:6: Warning: missing </span> before <p>
    starsTileServer.html:148:98: Warning: inserting implicit <span>
    starsTileServer.html:151:6: Warning: missing </span> before <p>
    starsTileServer.html:151:93: Warning: inserting implicit <span>
    starsTileServer.html:154:6: Warning: missing </span> before <p>
    starsTileServer.html:154:96: Warning: inserting implicit <span>
    starsTileServer.html:157:6: Warning: missing </span> before <p>
    starsTileServer.html:157:94: Warning: inserting implicit <span>
    starsTileServer.html:160:6: Warning: missing </span> before <p>
    starsTileServer.html:160:90: Warning: inserting implicit <span>
    starsTileServer.html:73:6: Warning: trimming empty <span>
    starsTileServer.html:76:6: Warning: trimming empty <span>
    starsTileServer.html:79:6: Warning: trimming empty <span>
    starsTileServer.html:82:6: Warning: trimming empty <span>
    starsTileServer.html:85:6: Warning: trimming empty <span>
    starsTileServer.html:88:6: Warning: trimming empty <span>
    starsTileServer.html:91:6: Warning: trimming empty <span>
    starsTileServer.html:94:6: Warning: trimming empty <span>
    starsTileServer.html:97:6: Warning: trimming empty <span>
    starsTileServer.html:100:6: Warning: trimming empty <span>
    starsTileServer.html:103:6: Warning: trimming empty <span>
    starsTileServer.html:106:6: Warning: trimming empty <span>
    starsTileServer.html:109:6: Warning: trimming empty <span>
    starsTileServer.html:112:6: Warning: trimming empty <span>
    starsTileServer.html:115:6: Warning: trimming empty <span>
    starsTileServer.html:118:6: Warning: trimming empty <span>
    starsTileServer.html:121:6: Warning: trimming empty <span>
    starsTileServer.html:124:6: Warning: trimming empty <span>
    starsTileServer.html:127:6: Warning: trimming empty <span>
    starsTileServer.html:130:6: Warning: trimming empty <span>
    starsTileServer.html:133:6: Warning: trimming empty <span>
    starsTileServer.html:136:6: Warning: trimming empty <span>
    starsTileServer.html:139:6: Warning: trimming empty <span>
    starsTileServer.html:142:6: Warning: trimming empty <span>
    starsTileServer.html:145:6: Warning: trimming empty <span>
    starsTileServer.html:148:6: Warning: trimming empty <span>
    starsTileServer.html:151:6: Warning: trimming empty <span>
    starsTileServer.html:154:6: Warning: trimming empty <span>
    starsTileServer.html:157:6: Warning: trimming empty <span>
    starsTileServer.html:160:6: Warning: trimming empty <span>
Flavor: r-devel-linux-x86_64-debian-clang

Version: 0.1
Check: HTML version of manual
Result: NOTE
    Found the following HTML validation problems:
    starsTileServer.html:73:6: Warning: missing </span> before <p>
    starsTileServer.html:73:97: Warning: inserting implicit <span>
    starsTileServer.html:76:6: Warning: missing </span> before <p>
    starsTileServer.html:76:92: Warning: inserting implicit <span>
    starsTileServer.html:79:6: Warning: missing </span> before <p>
    starsTileServer.html:79:94: Warning: inserting implicit <span>
    starsTileServer.html:82:6: Warning: missing </span> before <p>
    starsTileServer.html:82:92: Warning: inserting implicit <span>
    starsTileServer.html:85:6: Warning: missing </span> before <p>
    starsTileServer.html:85:101: Warning: inserting implicit <span>
    starsTileServer.html:88:6: Warning: missing </span> before <p>
    starsTileServer.html:88:87: Warning: inserting implicit <span>
    starsTileServer.html:91:6: Warning: missing </span> before <p>
    starsTileServer.html:91:89: Warning: inserting implicit <span>
    starsTileServer.html:94:6: Warning: missing </span> before <p>
    starsTileServer.html:94:93: Warning: inserting implicit <span>
    starsTileServer.html:97:6: Warning: missing </span> before <p>
    starsTileServer.html:97:91: Warning: inserting implicit <span>
    starsTileServer.html:100:6: Warning: missing </span> before <p>
    starsTileServer.html:100:89: Warning: inserting implicit <span>
    starsTileServer.html:103:6: Warning: missing </span> before <p>
    starsTileServer.html:103:88: Warning: inserting implicit <span>
    starsTileServer.html:106:6: Warning: missing </span> before <p>
    starsTileServer.html:106:92: Warning: inserting implicit <span>
    starsTileServer.html:109:6: Warning: missing </span> before <p>
    starsTileServer.html:109:91: Warning: inserting implicit <span>
    starsTileServer.html:112:6: Warning: missing </span> before <p>
    starsTileServer.html:112:94: Warning: inserting implicit <span>
    starsTileServer.html:115:6: Warning: missing </span> before <p>
    starsTileServer.html:115:88: Warning: inserting implicit <span>
    starsTileServer.html:118:6: Warning: missing </span> before <p>
    starsTileServer.html:118:95: Warning: inserting implicit <span>
    starsTileServer.html:121:6: Warning: missing </span> before <p>
    starsTileServer.html:121:95: Warning: inserting implicit <span>
    starsTileServer.html:124:6: Warning: missing </span> before <p>
    starsTileServer.html:124:88: Warning: inserting implicit <span>
    starsTileServer.html:127:6: Warning: missing </span> before <p>
    starsTileServer.html:127:86: Warning: inserting implicit <span>
    starsTileServer.html:130:6: Warning: missing </span> before <p>
    starsTileServer.html:130:88: Warning: inserting implicit <span>
    starsTileServer.html:133:6: Warning: missing </span> before <p>
    starsTileServer.html:133:96: Warning: inserting implicit <span>
    starsTileServer.html:136:6: Warning: missing </span> before <p>
    starsTileServer.html:136:93: Warning: inserting implicit <span>
    starsTileServer.html:139:6: Warning: missing </span> before <p>
    starsTileServer.html:139:91: Warning: inserting implicit <span>
    starsTileServer.html:142:6: Warning: missing </span> before <p>
    starsTileServer.html:142:90: Warning: inserting implicit <span>
    starsTileServer.html:145:6: Warning: missing </span> before <p>
    starsTileServer.html:145:98: Warning: inserting implicit <span>
    starsTileServer.html:148:6: Warning: missing </span> before <p>
    starsTileServer.html:148:98: Warning: inserting implicit <span>
    starsTileServer.html:151:6: Warning: missing </span> before <p>
    starsTileServer.html:151:93: Warning: inserting implicit <span>
    starsTileServer.html:154:6: Warning: missing </span> before <p>
    starsTileServer.html:154:96: Warning: inserting implicit <span>
    starsTileServer.html:157:6: Warning: missing </span> before <p>
    starsTileServer.html:157:94: Warning: inserting implicit <span>
    starsTileServer.html:160:6: Warning: missing </span> before <p>
    starsTileServer.html:160:90: Warning: inserting implicit <span>
Flavors: r-devel-linux-x86_64-debian-gcc, r-devel-linux-x86_64-fedora-clang, r-devel-linux-x86_64-fedora-gcc

Version: 0.1
Check: HTML version of manual
Result: NOTE
    Found the following HTML validation problems:
    starsTileServer.html:73:6: Warning: missing </span> before <p>
    
    
    starsTileServer.html:73:97: Warning: inserting implicit <span>
    
    
    starsTileServer.html:76:6: Warning: missing </span> before <p>
    
    
    starsTileServer.html:76:92: Warning: inserting implicit <span>
    
    
    starsTileServer.html:79:6: Warning: missing </span> before <p>
    
    
    starsTileServer.html:79:94: Warning: inserting implicit <span>
    
    
    starsTileServer.html:82:6: Warning: missing </span> before <p>
    
    
    starsTileServer.html:82:92: Warning: inserting implicit <span>
    
    
    starsTileServer.html:85:6: Warning: missing </span> before <p>
    
    
    starsTileServer.html:85:101: Warning: inserting implicit <span>
    
    
    starsTileServer.html:88:6: Warning: missing </span> before <p>
    
    
    starsTileServer.html:88:87: Warning: inserting implicit <span>
    
    
    starsTileServer.html:91:6: Warning: missing </span> before <p>
    
    
    starsTileServer.html:91:89: Warning: inserting implicit <span>
    
    
    starsTileServer.html:94:6: Warning: missing </span> before <p>
    
    
    starsTileServer.html:94:93: Warning: inserting implicit <span>
    
    
    starsTileServer.html:97:6: Warning: missing </span> before <p>
    
    
    starsTileServer.html:97:91: Warning: inserting implicit <span>
    
    
    starsTileServer.html:100:6: Warning: missing </span> before <p>
    
    
    starsTileServer.html:100:89: Warning: inserting implicit <span>
    
    
    starsTileServer.html:103:6: Warning: missing </span> before <p>
    
    
    starsTileServer.html:103:88: Warning: inserting implicit <span>
    
    
    starsTileServer.html:106:6: Warning: missing </span> before <p>
    
    
    starsTileServer.html:106:92: Warning: inserting implicit <span>
    
    
    starsTileServer.html:109:6: Warning: missing </span> before <p>
    
    
    starsTileServer.html:109:91: Warning: inserting implicit <span>
    
    
    starsTileServer.html:112:6: Warning: missing </span> before <p>
    
    
    starsTileServer.html:112:94: Warning: inserting implicit <span>
    
    
    starsTileServer.html:115:6: Warning: missing </span> before <p>
    
    
    starsTileServer.html:115:88: Warning: inserting implicit <span>
    
    
    starsTileServer.html:118:6: Warning: missing </span> before <p>
    
    
    starsTileServer.html:118:95: Warning: inserting implicit <span>
    
    
    starsTileServer.html:121:6: Warning: missing </span> before <p>
    
    
    starsTileServer.html:121:95: Warning: inserting implicit <span>
    
    
    starsTileServer.html:124:6: Warning: missing </span> before <p>
    
    
    starsTileServer.html:124:88: Warning: inserting implicit <span>
    
    
    starsTileServer.html:127:6: Warning: missing </span> before <p>
    
    
    starsTileServer.html:127:86: Warning: inserting implicit <span>
    
    
    starsTileServer.html:130:6: Warning: missing </span> before <p>
    
    
    starsTileServer.html:130:88: Warning: inserting implicit <span>
    
    
    starsTileServer.html:133:6: Warning: missing </span> before <p>
    
    
    starsTileServer.html:133:96: Warning: inserting implicit <span>
    
    
    starsTileServer.html:136:6: Warning: missing </span> before <p>
    
    
    starsTileServer.html:136:93: Warning: inserting implicit <span>
    
    
    starsTileServer.html:139:6: Warning: missing </span> before <p>
    
    
    starsTileServer.html:139:91: Warning: inserting implicit <span>
    
    
    starsTileServer.html:142:6: Warning: missing </span> before <p>
    
    
    starsTileServer.html:142:90: Warning: inserting implicit <span>
    
    
    starsTileServer.html:145:6: Warning: missing </span> before <p>
    
    
    starsTileServer.html:145:98: Warning: inserting implicit <span>
    
    
    starsTileServer.html:148:6: Warning: missing </span> before <p>
    
    
    starsTileServer.html:148:98: Warning: inserting implicit <span>
    
    
    starsTileServer.html:151:6: Warning: missing </span> before <p>
    
    
    starsTileServer.html:151:93: Warning: inserting implicit <span>
    
    
    starsTileServer.html:154:6: Warning: missing </span> before <p>
    
    
    starsTileServer.html:154:96: Warning: inserting implicit <span>
    
    
    starsTileServer.html:157:6: Warning: missing </span> before <p>
    
    
    starsTileServer.html:157:94: Warning: inserting implicit <span>
    
    
    starsTileServer.html:160:6: Warning: missing </span> before <p>
    
    
    starsTileServer.html:160:90: Warning: inserting implicit <span>
    
    
    starsTileServer.html:73:6: Warning: trimming empty <span>
    
    
    starsTileServer.html:76:6: Warning: trimming empty <span>
    
    
    starsTileServer.html:79:6: Warning: trimming empty <span>
    
    
    starsTileServer.html:82:6: Warning: trimming empty <span>
    
    
    starsTileServer.html:85:6: Warning: trimming empty <span>
    
    
    starsTileServer.html:88:6: Warning: trimming empty <span>
    
    
    starsTileServer.html:91:6: Warning: trimming empty <span>
    
    
    starsTileServer.html:94:6: Warning: trimming empty <span>
    
    
    starsTileServer.html:97:6: Warning: trimming empty <span>
    
    
    starsTileServer.html:100:6: Warning: trimming empty <span>
    
    
    starsTileServer.html:103:6: Warning: trimming empty <span>
    
    
    starsTileServer.html:106:6: Warning: trimming empty <span>
    
    
    starsTileServer.html:109:6: Warning: trimming empty <span>
    
    
    starsTileServer.html:112:6: Warning: trimming empty <span>
    
    
    starsTileServer.html:115:6: Warning: trimming empty <span>
    
    
    starsTileServer.html:118:6: Warning: trimming empty <span>
    
    
    starsTileServer.html:121:6: Warning: trimming empty <span>
    
    
    starsTileServer.html:124:6: Warning: trimming empty <span>
    
    
    starsTileServer.html:127:6: Warning: trimming empty <span>
    
    
    starsTileServer.html:130:6: Warning: trimming empty <span>
    
    
    starsTileServer.html:133:6: Warning: trimming empty <span>
    
    
    starsTileServer.html:136:6: Warning: trimming empty <span>
    
    
    starsTileServer.html:139:6: Warning: trimming empty <span>
    
    
    starsTileServer.html:142:6: Warning: trimming empty <span>
    
    
    starsTileServer.html:145:6: Warning: trimming empty <span>
    
    
    starsTileServer.html:148:6: Warning: trimming empty <span>
    
    
    starsTileServer.html:151:6: Warning: trimming empty <span>
    
    
    starsTileServer.html:154:6: Warning: trimming empty <span>
    
    
    starsTileServer.html:157:6: Warning: trimming empty <span>
    
    
    starsTileServer.html:160:6: Warning: trimming empty <span>
Flavor: r-devel-windows-x86_64