Last updated on 2022-08-20 05:50:39 CEST.
Flavor | Version | Tinstall | Tcheck | Ttotal | Status | Flags |
---|---|---|---|---|---|---|
r-devel-linux-x86_64-debian-clang | 1.1.10 | 12.19 | 109.49 | 121.68 | NOTE | |
r-devel-linux-x86_64-debian-gcc | 1.1.10 | 11.47 | 85.48 | 96.95 | NOTE | |
r-devel-linux-x86_64-fedora-clang | 1.1.10 | 159.02 | NOTE | |||
r-devel-linux-x86_64-fedora-gcc | 1.1.10 | 153.64 | NOTE | |||
r-devel-windows-x86_64 | 1.1.10 | 29.00 | 138.00 | 167.00 | NOTE | |
r-patched-linux-x86_64 | 1.1.10 | 13.23 | 104.80 | 118.03 | OK | |
r-release-linux-x86_64 | 1.1.10 | OK | ||||
r-release-macos-arm64 | 1.1.10 | 44.00 | OK | |||
r-release-macos-x86_64 | 1.1.10 | 80.00 | OK | |||
r-release-windows-x86_64 | 1.1.10 | 29.00 | 169.00 | 198.00 | OK | |
r-oldrel-macos-arm64 | 1.1.10 | 48.00 | OK | |||
r-oldrel-macos-x86_64 | 1.1.10 | 62.00 | OK | |||
r-oldrel-windows-ix86+x86_64 | 1.1.10 | 28.00 | 128.00 | 156.00 | OK |
Version: 1.1.10
Check: Rd files
Result: NOTE
checkRd: (-1) multiCUMSUM.Rd:33: Escaped LaTeX specials: \&
Flavors: r-devel-linux-x86_64-debian-clang, r-devel-linux-x86_64-debian-gcc, r-devel-linux-x86_64-fedora-clang, r-devel-linux-x86_64-fedora-gcc, r-devel-windows-x86_64