CRAN Package Check Results for Package stats4teaching

Last updated on 2024-07-19 06:50:28 CEST.

Flavor Version Tinstall Tcheck Ttotal Status Flags
r-devel-linux-x86_64-debian-clang 0.1.0 3.38 34.15 37.53 NOTE
r-devel-linux-x86_64-debian-gcc 0.1.0 2.55 26.66 29.21 NOTE
r-devel-linux-x86_64-fedora-clang 0.1.0 47.69 NOTE
r-devel-linux-x86_64-fedora-gcc 0.1.0 44.72 NOTE
r-devel-windows-x86_64 0.1.0 5.00 56.00 61.00 NOTE
r-patched-linux-x86_64 0.1.0 2.83 32.37 35.20 NOTE
r-release-linux-x86_64 0.1.0 2.88 33.23 36.11 NOTE
r-release-macos-arm64 0.1.0 20.00 NOTE
r-release-macos-x86_64 0.1.0 26.00 NOTE
r-release-windows-x86_64 0.1.0 4.00 56.00 60.00 NOTE
r-oldrel-macos-arm64 0.1.0 20.00 OK
r-oldrel-macos-x86_64 0.1.0 26.00 OK
r-oldrel-windows-x86_64 0.1.0 5.00 58.00 63.00 OK

Check Details

Version: 0.1.0
Check: Rd files
Result: NOTE checkRd: (-1) sample2indp.pow.Rd:48: Lost braces 48 | Pooled standard deviation= \code{sp} = sqrt{((n1 - 1) sigma1^2 +(n2 - 1) sigma2^2) / (n1 + n2 - 2)} | ^ Flavors: r-devel-linux-x86_64-debian-clang, r-devel-linux-x86_64-debian-gcc, r-devel-linux-x86_64-fedora-clang, r-devel-linux-x86_64-fedora-gcc, r-devel-windows-x86_64, r-patched-linux-x86_64, r-release-linux-x86_64, r-release-macos-arm64, r-release-macos-x86_64, r-release-windows-x86_64