CRAN Package Check Results for Package stepPenal

Last updated on 2022-05-20 05:54:41 CEST.

Flavor Version Tinstall Tcheck Ttotal Status Flags
r-devel-linux-x86_64-debian-clang 0.2 3.47 39.50 42.97 NOTE
r-devel-linux-x86_64-debian-gcc 0.2 2.48 30.50 32.98 NOTE
r-devel-linux-x86_64-fedora-clang 0.2 51.45 NOTE
r-devel-linux-x86_64-fedora-gcc 0.2 50.06 NOTE
r-devel-windows-x86_64 0.2 14.00 54.00 68.00 NOTE
r-patched-linux-x86_64 0.2 2.92 38.21 41.13 NOTE
r-release-linux-x86_64 0.2 3.14 37.72 40.86 NOTE
r-release-macos-arm64 0.2 17.00 NOTE
r-release-macos-x86_64 0.2 27.00 NOTE
r-release-windows-x86_64 0.2 14.00 56.00 70.00 NOTE
r-oldrel-macos-arm64 0.2 18.00 NOTE
r-oldrel-macos-x86_64 0.2 31.00 NOTE
r-oldrel-windows-ix86+x86_64 0.2 8.00 56.00 64.00 NOTE

Check Details

Version: 0.2
Check: LazyData
Result: NOTE
     'LazyData' is specified without a 'data' directory
Flavors: r-devel-linux-x86_64-debian-clang, r-devel-linux-x86_64-debian-gcc, r-devel-linux-x86_64-fedora-clang, r-devel-linux-x86_64-fedora-gcc, r-devel-windows-x86_64, r-patched-linux-x86_64, r-release-linux-x86_64, r-release-macos-arm64, r-release-macos-x86_64, r-release-windows-x86_64, r-oldrel-macos-arm64, r-oldrel-macos-x86_64, r-oldrel-windows-ix86+x86_64