CRAN Package Check Results for Package steps

Last updated on 2022-08-20 05:50:40 CEST.

Flavor Version Tinstall Tcheck Ttotal Status Flags
r-devel-linux-x86_64-debian-clang 1.2.1 56.25 608.65 664.90 NOTE
r-devel-linux-x86_64-debian-gcc 1.2.1 47.26 458.18 505.44 NOTE
r-devel-linux-x86_64-fedora-clang 1.2.1 776.61 NOTE
r-devel-linux-x86_64-fedora-gcc 1.2.1 817.58 NOTE
r-devel-windows-x86_64 1.2.1 65.00 765.00 830.00 NOTE
r-patched-linux-x86_64 1.2.1 53.37 579.39 632.76 OK
r-release-linux-x86_64 1.2.1 OK
r-release-macos-arm64 1.2.1 224.00 OK
r-release-macos-x86_64 1.2.1 283.00 OK
r-release-windows-x86_64 1.2.1 66.00 755.00 821.00 OK
r-oldrel-macos-arm64 1.2.1 214.00 OK
r-oldrel-macos-x86_64 1.2.1 339.00 OK
r-oldrel-windows-ix86+x86_64 1.2.1 121.00 967.00 1088.00 OK

Check Details

Version: 1.2.1
Check: package subdirectories
Result: NOTE
    Problems with news in 'NEWS.md':
    No news entries found.
Flavors: r-devel-linux-x86_64-debian-clang, r-devel-linux-x86_64-debian-gcc, r-devel-linux-x86_64-fedora-clang, r-devel-linux-x86_64-fedora-gcc, r-devel-windows-x86_64