CRAN Package Check Results for Package stminsights

Last updated on 2021-12-07 05:55:20 CET.

Flavor Version Tinstall Tcheck Ttotal Status Flags
r-devel-linux-x86_64-debian-clang 0.4.1 11.43 129.32 140.75 OK
r-devel-linux-x86_64-debian-gcc 0.4.1 8.73 97.45 106.18 OK
r-devel-linux-x86_64-fedora-clang 0.4.1 170.90 NOTE
r-devel-linux-x86_64-fedora-gcc 0.4.1 159.40 NOTE
r-devel-windows-x86_64-new-UL 0.4.1 22.00 172.00 194.00 OK
r-devel-windows-x86_64-new-TK 0.4.1 NOTE
r-devel-windows-x86_64-old 0.4.1 20.00 114.00 134.00 OK
r-patched-linux-x86_64 0.4.1 11.40 123.74 135.14 OK
r-release-linux-x86_64 0.4.1 10.80 123.28 134.08 OK
r-release-macos-arm64 0.4.1 NOTE
r-release-macos-x86_64 0.4.1 NOTE
r-release-windows-ix86+x86_64 0.4.1 29.00 144.00 173.00 OK
r-oldrel-macos-x86_64 0.4.1 NOTE
r-oldrel-windows-ix86+x86_64 0.4.1 30.00 149.00 179.00 OK

Check Details

Version: 0.4.1
Check: dependencies in R code
Result: NOTE
    Namespaces in Imports field not imported from:
     ‘huge’ ‘readr’ ‘scales’ ‘shinyjs’
     All declared Imports should be used.
Flavors: r-devel-linux-x86_64-fedora-clang, r-devel-linux-x86_64-fedora-gcc, r-devel-windows-x86_64-new-TK, r-release-macos-arm64, r-release-macos-x86_64, r-oldrel-macos-x86_64