CRAN Package Check Results for Package stpp

Last updated on 2019-08-21 05:47:04 CEST.

Flavor Version Tinstall Tcheck Ttotal Status Flags
r-devel-linux-x86_64-debian-clang 2.0-3 20.44 133.76 154.20 OK
r-devel-linux-x86_64-debian-gcc 2.0-3 15.72 104.44 120.16 OK
r-devel-linux-x86_64-fedora-clang 2.0-3 185.26 OK
r-devel-linux-x86_64-fedora-gcc 2.0-3 209.14 OK
r-devel-windows-ix86+x86_64 2.0-3 59.00 166.00 225.00 OK
r-patched-linux-x86_64 2.0-3 19.67 133.89 153.56 OK
r-patched-solaris-x86 2.0-3 301.90 OK
r-release-linux-x86_64 2.0-3 20.42 134.01 154.43 OK
r-release-windows-ix86+x86_64 2.0-3 37.00 184.00 221.00 OK
r-release-osx-x86_64 2.0-3 ERROR
r-oldrel-windows-ix86+x86_64 2.0-3 44.00 247.00 291.00 OK
r-oldrel-osx-x86_64 2.0-3 ERROR

Check Details

Version: 2.0-3
Check: package dependencies
Result: ERROR
    Package required but not available: ‘rpanel’
    
    See section ‘The DESCRIPTION file’ in the ‘Writing R Extensions’
    manual.
Flavors: r-release-osx-x86_64, r-oldrel-osx-x86_64