CRAN Package Check Results for Package stpp

Last updated on 2019-12-07 05:47:50 CET.

Flavor Version Tinstall Tcheck Ttotal Status Flags
r-devel-linux-x86_64-debian-clang 2.0-3 22.70 146.38 169.08 OK
r-devel-linux-x86_64-debian-gcc 2.0-3 17.59 111.94 129.53 OK
r-devel-linux-x86_64-fedora-clang 2.0-3 191.80 OK
r-devel-linux-x86_64-fedora-gcc 2.0-3 190.53 OK
r-devel-windows-ix86+x86_64 2.0-3 42.00 259.00 301.00 OK
r-devel-windows-ix86+x86_64-gcc8 2.0-3 56.00 280.00 336.00 OK
r-patched-linux-x86_64 2.0-3 20.36 133.36 153.72 OK
r-patched-solaris-x86 2.0-3 310.10 OK
r-release-linux-x86_64 2.0-3 20.43 135.36 155.79 OK
r-release-windows-ix86+x86_64 2.0-3 37.00 187.00 224.00 OK
r-release-osx-x86_64 2.0-3 ERROR
r-oldrel-windows-ix86+x86_64 2.0-3 29.00 236.00 265.00 OK
r-oldrel-osx-x86_64 2.0-3 ERROR

Check Details

Version: 2.0-3
Check: package dependencies
Result: ERROR
    Package required but not available: ‘rpanel’
    
    See section ‘The DESCRIPTION file’ in the ‘Writing R Extensions’
    manual.
Flavors: r-release-osx-x86_64, r-oldrel-osx-x86_64