CRAN Package Check Results for Package strap

Last updated on 2019-07-16 05:48:34 CEST.

Flavor Version Tinstall Tcheck Ttotal Status Flags
r-devel-linux-x86_64-debian-clang 1.4 3.91 44.85 48.76 NOTE
r-devel-linux-x86_64-debian-gcc 1.4 3.13 35.02 38.15 NOTE
r-devel-linux-x86_64-fedora-clang 1.4 58.56 NOTE
r-devel-linux-x86_64-fedora-gcc 1.4 55.50 NOTE
r-devel-windows-ix86+x86_64 1.4 11.00 56.00 67.00 NOTE
r-patched-linux-x86_64 1.4 3.43 44.22 47.65 NOTE
r-patched-solaris-x86 1.4 87.00 NOTE
r-release-linux-x86_64 1.4 2.91 43.87 46.78 NOTE
r-release-windows-ix86+x86_64 1.4 8.00 79.00 87.00 NOTE
r-release-osx-x86_64 1.4 NOTE
r-oldrel-windows-ix86+x86_64 1.4 6.00 56.00 62.00 NOTE
r-oldrel-osx-x86_64 1.4 NOTE

Check Details

Version: 1.4
Check: R code for possible problems
Result: NOTE
    StratPhyloCongruence: no visible global function definition for 'runif'
    StratPhyloCongruence: no visible global function definition for
     'txtProgressBar'
    StratPhyloCongruence: no visible global function definition for
     'setTxtProgressBar'
    StratPhyloCongruence: no visible global function definition for 'pnorm'
    StratPhyloCongruence: no visible global function definition for 'sd'
    geoscalePhylo: no visible global function definition for 'data'
    geoscalePhylo: no visible global function definition for 'par'
    geoscalePhylo: no visible global function definition for 'text'
    geoscalePhylo: no visible global function definition for 'segments'
    geoscalePhylo: no visible global function definition for 'rect'
    geoscalePhylo: no visible global function definition for 'rgb'
    Undefined global functions or variables:
     data par pnorm rect rgb runif sd segments setTxtProgressBar text
     txtProgressBar
    Consider adding
     importFrom("grDevices", "rgb")
     importFrom("graphics", "par", "rect", "segments", "text")
     importFrom("stats", "pnorm", "runif", "sd")
     importFrom("utils", "data", "setTxtProgressBar", "txtProgressBar")
    to your NAMESPACE file.
Flavors: r-devel-linux-x86_64-debian-clang, r-devel-linux-x86_64-debian-gcc, r-devel-linux-x86_64-fedora-clang, r-devel-linux-x86_64-fedora-gcc, r-devel-windows-ix86+x86_64, r-patched-linux-x86_64, r-patched-solaris-x86, r-release-linux-x86_64, r-release-windows-ix86+x86_64, r-release-osx-x86_64, r-oldrel-windows-ix86+x86_64, r-oldrel-osx-x86_64