CRAN Package Check Results for Package stringr

Last updated on 2020-06-04 05:49:16 CEST.

Flavor Version Tinstall Tcheck Ttotal Status Flags
r-devel-linux-x86_64-debian-clang 1.4.0 3.23 34.85 38.08 OK
r-devel-linux-x86_64-debian-gcc 1.4.0 2.40 27.16 29.56 OK
r-devel-linux-x86_64-fedora-clang 1.4.0 61.64 NOTE
r-devel-linux-x86_64-fedora-gcc 1.4.0 48.57 NOTE
r-devel-windows-ix86+x86_64 1.4.0 10.00 69.00 79.00 OK
r-patched-linux-x86_64 1.4.0 3.12 34.52 37.64 OK
r-patched-solaris-x86 1.4.0 74.90 NOTE
r-release-linux-x86_64 1.4.0 2.89 34.51 37.40 OK
r-release-osx-x86_64 1.4.0 NOTE
r-release-windows-ix86+x86_64 1.4.0 8.00 67.00 75.00 OK
r-oldrel-osx-x86_64 1.4.0 NOTE
r-oldrel-windows-ix86+x86_64 1.4.0 11.00 48.00 59.00 OK

Check Details

Version: 1.4.0
Check: data for non-ASCII characters
Result: NOTE
     Note: found 3 marked UTF-8 strings
Flavors: r-devel-linux-x86_64-fedora-clang, r-devel-linux-x86_64-fedora-gcc, r-patched-solaris-x86, r-release-osx-x86_64, r-oldrel-osx-x86_64