CRAN Package Check Results for Package stringr

Last updated on 2019-09-16 05:47:09 CEST.

Flavor Version Tinstall Tcheck Ttotal Status Flags
r-devel-linux-x86_64-debian-clang 1.4.0 2.35 29.83 32.18 OK
r-devel-linux-x86_64-debian-gcc 1.4.0 2.34 24.02 26.36 OK
r-devel-linux-x86_64-fedora-clang 1.4.0 41.85 NOTE
r-devel-linux-x86_64-fedora-gcc 1.4.0 38.79 NOTE
r-devel-windows-ix86+x86_64 1.4.0 13.00 54.00 67.00 OK
r-patched-linux-x86_64 1.4.0 2.60 31.19 33.79 OK
r-patched-solaris-x86 1.4.0 72.20 NOTE
r-release-linux-x86_64 1.4.0 2.76 31.01 33.77 OK
r-release-windows-ix86+x86_64 1.4.0 8.00 63.00 71.00 OK
r-release-osx-x86_64 1.4.0 NOTE
r-oldrel-windows-ix86+x86_64 1.4.0 10.00 42.00 52.00 OK
r-oldrel-osx-x86_64 1.4.0 NOTE

Check Details

Version: 1.4.0
Check: data for non-ASCII characters
Result: NOTE
     Note: found 3 marked UTF-8 strings
Flavors: r-devel-linux-x86_64-fedora-clang, r-devel-linux-x86_64-fedora-gcc, r-patched-solaris-x86, r-release-osx-x86_64, r-oldrel-osx-x86_64