CRAN Package Check Results for Package stringr

Last updated on 2019-07-16 05:48:34 CEST.

Flavor Version Tinstall Tcheck Ttotal Status Flags
r-devel-linux-x86_64-debian-clang 1.4.0 2.70 31.22 33.92 OK
r-devel-linux-x86_64-debian-gcc 1.4.0 2.18 25.11 27.29 OK
r-devel-linux-x86_64-fedora-clang 1.4.0 41.34 NOTE
r-devel-linux-x86_64-fedora-gcc 1.4.0 39.34 NOTE
r-devel-windows-ix86+x86_64 1.4.0 11.00 47.00 58.00 OK
r-patched-linux-x86_64 1.4.0 2.75 31.42 34.17 OK
r-patched-solaris-x86 1.4.0 76.50 NOTE
r-release-linux-x86_64 1.4.0 2.49 31.07 33.56 OK
r-release-windows-ix86+x86_64 1.4.0 6.00 70.00 76.00 OK
r-release-osx-x86_64 1.4.0 NOTE
r-oldrel-windows-ix86+x86_64 1.4.0 9.00 42.00 51.00 OK
r-oldrel-osx-x86_64 1.4.0 NOTE

Check Details

Version: 1.4.0
Check: data for non-ASCII characters
Result: NOTE
     Note: found 3 marked UTF-8 strings
Flavors: r-devel-linux-x86_64-fedora-clang, r-devel-linux-x86_64-fedora-gcc, r-patched-solaris-x86, r-release-osx-x86_64, r-oldrel-osx-x86_64