CRAN Package Check Results for Package suropt

Last updated on 2019-08-23 05:47:07 CEST.

Flavor Version Tinstall Tcheck Ttotal Status Flags
r-devel-linux-x86_64-debian-clang 0.1.1 9.68 69.40 79.08 OK
r-devel-linux-x86_64-debian-gcc 0.1.1 8.09 54.80 62.89 OK
r-devel-linux-x86_64-fedora-clang 0.1.1 91.99 NOTE
r-devel-linux-x86_64-fedora-gcc 0.1.1 107.31 NOTE
r-devel-windows-ix86+x86_64 0.1.1 42.00 118.00 160.00 OK
r-patched-linux-x86_64 0.1.1 8.05 68.69 76.74 OK
r-patched-solaris-x86 0.1.1 149.30 NOTE
r-release-linux-x86_64 0.1.1 8.67 69.85 78.52 OK
r-release-windows-ix86+x86_64 0.1.1 34.00 138.00 172.00 OK
r-release-osx-x86_64 0.1.1 WARN
r-oldrel-windows-ix86+x86_64 0.1.1 18.00 134.00 152.00 OK
r-oldrel-osx-x86_64 0.1.1 NOTE

Check Details

Version: 0.1.1
Check: dependencies in R code
Result: NOTE
    Namespaces in Imports field not imported from:
     ‘DiceOptim’ ‘GPareto’ ‘rgenoud’
     All declared Imports should be used.
Flavors: r-devel-linux-x86_64-fedora-clang, r-devel-linux-x86_64-fedora-gcc, r-patched-solaris-x86, r-release-osx-x86_64, r-oldrel-osx-x86_64

Version: 0.1.1
Check: whether package can be installed
Result: WARN
    Found the following significant warnings:
     Warning: 'rgl_init' failed, running with rgl.useNULL = TRUE
Flavor: r-release-osx-x86_64