CRAN Package Check Results for Package suropt

Last updated on 2020-01-20 05:47:29 CET.

Flavor Version Tinstall Tcheck Ttotal Status Flags
r-devel-linux-x86_64-debian-clang 0.1.1 10.64 77.79 88.43 OK
r-devel-linux-x86_64-debian-gcc 0.1.1 8.35 60.38 68.73 OK
r-devel-linux-x86_64-fedora-clang 0.1.1 106.77 NOTE
r-devel-linux-x86_64-fedora-gcc 0.1.1 102.27 NOTE
r-devel-windows-ix86+x86_64 0.1.1 37.00 130.00 167.00 OK
r-devel-windows-ix86+x86_64-gcc8 0.1.1 26.00 125.00 151.00 OK
r-patched-linux-x86_64 0.1.1 8.65 67.69 76.34 OK
r-patched-solaris-x86 0.1.1 154.40 NOTE
r-release-linux-x86_64 0.1.1 9.17 67.61 76.78 OK
r-release-windows-ix86+x86_64 0.1.1 29.00 81.00 110.00 OK
r-release-osx-x86_64 0.1.1 WARN
r-oldrel-windows-ix86+x86_64 0.1.1 11.00 100.00 111.00 OK
r-oldrel-osx-x86_64 0.1.1 NOTE

Check Details

Version: 0.1.1
Check: dependencies in R code
Result: NOTE
    Namespaces in Imports field not imported from:
     ‘DiceOptim’ ‘GPareto’ ‘rgenoud’
     All declared Imports should be used.
Flavors: r-devel-linux-x86_64-fedora-clang, r-devel-linux-x86_64-fedora-gcc, r-patched-solaris-x86, r-release-osx-x86_64, r-oldrel-osx-x86_64

Version: 0.1.1
Check: whether package can be installed
Result: WARN
    Found the following significant warnings:
     Warning: 'rgl_init' failed, running with rgl.useNULL = TRUE
Flavor: r-release-osx-x86_64