CRAN Package Check Results for Package survParamSim

Last updated on 2022-01-26 05:54:32 CET.

Flavor Version Tinstall Tcheck Ttotal Status Flags
r-devel-linux-x86_64-debian-clang 0.1.5 2.46 175.60 178.06 OK
r-devel-linux-x86_64-debian-gcc 0.1.5 2.96 131.04 134.00 OK
r-devel-linux-x86_64-fedora-clang 0.1.5 204.08 OK
r-devel-linux-x86_64-fedora-gcc 0.1.5 200.03 OK
r-devel-windows-x86_64-new-UL 0.1.5 131.00 201.00 332.00 OK
r-devel-windows-x86_64-new-TK 0.1.5 WARN
r-patched-linux-x86_64 0.1.5 2.57 167.31 169.88 OK
r-release-linux-x86_64 0.1.5 2.82 166.79 169.61 OK
r-release-macos-arm64 0.1.5 OK
r-release-macos-x86_64 0.1.5 OK
r-release-windows-ix86+x86_64 0.1.5 9.00 193.00 202.00 OK
r-oldrel-macos-x86_64 0.1.5 OK
r-oldrel-windows-ix86+x86_64 0.1.5 9.00 207.00 216.00 OK

Check Details

Version: 0.1.5
Check: package dependencies
Result: NOTE
    Package suggested but not available for checking: 'survminer'
Flavor: r-devel-windows-x86_64-new-TK

Version: 0.1.5
Check: re-building of vignette outputs
Result: WARN
    Error(s) in re-building vignettes:
    --- re-building 'survParamSim.Rmd' using rmarkdown
    Quitting from lines 53-58 (survParamSim.Rmd)
    Error: processing vignette 'survParamSim.Rmd' failed with diagnostics:
    there is no package called 'survminer'
    --- failed re-building 'survParamSim.Rmd'
    
    SUMMARY: processing the following file failed:
     'survParamSim.Rmd'
    
    Error: Vignette re-building failed.
    Execution halted
Flavor: r-devel-windows-x86_64-new-TK