CRAN Package Check Results for Package survPen

Last updated on 2022-08-16 05:54:13 CEST.

Flavor Version Tinstall Tcheck Ttotal Status Flags
r-devel-linux-x86_64-debian-clang 1.5.2 44.83 228.21 273.04 OK --no-vignettes
r-devel-linux-x86_64-debian-gcc 1.5.2 35.09 482.70 517.79 OK --no-vignettes
r-devel-linux-x86_64-fedora-clang 1.5.2 832.60 OK
r-devel-linux-x86_64-fedora-gcc 1.5.2 932.42 OK
r-devel-windows-x86_64 1.5.2 49.00 445.00 494.00 OK
r-patched-linux-x86_64 1.5.2 40.18 161.53 201.71 OK --no-vignettes
r-release-linux-x86_64 1.5.2 34.67 162.39 197.06 OK --no-vignettes
r-release-macos-arm64 1.5.2 155.00 NOTE
r-release-macos-x86_64 1.5.2 271.00 NOTE
r-release-windows-x86_64 1.5.2 66.00 634.00 700.00 OK
r-oldrel-macos-arm64 1.5.2 134.00 NOTE
r-oldrel-macos-x86_64 1.5.2 261.00 NOTE
r-oldrel-windows-ix86+x86_64 1.5.2 94.00 553.00 647.00 OK

Check Details

Version: 1.5.2
Check: installed package size
Result: NOTE
     installed size is 15.1Mb
     sub-directories of 1Mb or more:
     libs 14.4Mb
Flavors: r-release-macos-arm64, r-release-macos-x86_64, r-oldrel-macos-arm64, r-oldrel-macos-x86_64