CRAN Package Check Results for Package survPen

Last updated on 2020-12-02 05:48:19 CET.

Flavor Version Tinstall Tcheck Ttotal Status Flags
r-devel-linux-x86_64-debian-clang 1.5.1 56.13 126.99 183.12 OK --no-vignettes
r-devel-linux-x86_64-debian-gcc 1.5.1 30.03 101.09 131.12 OK --no-vignettes
r-devel-linux-x86_64-fedora-clang 1.5.1 499.70 NOTE
r-devel-linux-x86_64-fedora-gcc 1.5.1 485.57 OK
r-devel-windows-ix86+x86_64 1.5.1 91.00 472.00 563.00 OK
r-patched-linux-x86_64 1.5.1 37.64 117.92 155.56 OK --no-vignettes
r-patched-solaris-x86 1.5.1 1197.90 OK
r-release-linux-x86_64 1.5.1 37.59 118.39 155.98 OK --no-vignettes
r-release-macos-x86_64 1.5.1 NOTE
r-release-windows-ix86+x86_64 1.5.1 91.00 487.00 578.00 OK
r-oldrel-macos-x86_64 1.5.1 NOTE
r-oldrel-windows-ix86+x86_64 1.5.1 63.00 566.00 629.00 OK

Check Details

Version: 1.5.1
Check: installed package size
Result: NOTE
     installed size is 14.8Mb
     sub-directories of 1Mb or more:
     doc 1.4Mb
     libs 13.0Mb
Flavors: r-devel-linux-x86_64-fedora-clang, r-release-macos-x86_64, r-oldrel-macos-x86_64