CRAN Package Check Results for Package survSNP

Last updated on 2019-08-21 05:47:04 CEST.

Flavor Version Tinstall Tcheck Ttotal Status Flags
r-devel-linux-x86_64-debian-clang 0.24 15.58 156.42 172.00 OK
r-devel-linux-x86_64-debian-gcc 0.24 13.62 119.44 133.06 OK
r-devel-linux-x86_64-fedora-clang 0.24 189.20 NOTE
r-devel-linux-x86_64-fedora-gcc 0.24 208.31 NOTE
r-devel-windows-ix86+x86_64 0.24 29.00 190.00 219.00 OK
r-patched-linux-x86_64 0.24 14.05 151.66 165.71 OK
r-patched-solaris-x86 0.24 293.70 OK
r-release-linux-x86_64 0.24 15.32 151.29 166.61 OK
r-release-windows-ix86+x86_64 0.24 30.00 183.00 213.00 OK
r-release-osx-x86_64 0.24 OK
r-oldrel-windows-ix86+x86_64 0.24 32.00 242.00 274.00 OK
r-oldrel-osx-x86_64 0.24 OK

Check Details

Version: 0.24
Check: compiled code
Result: NOTE
    File ‘survSNP/libs/survSNP.so’:
     Found no calls to: ‘R_registerRoutines’, ‘R_useDynamicSymbols’
    
    It is good practice to register native routines and to disable symbol
    search.
    
    See ‘Writing portable packages’ in the ‘Writing R Extensions’ manual.
Flavors: r-devel-linux-x86_64-fedora-clang, r-devel-linux-x86_64-fedora-gcc