CRAN Package Check Results for Package survSNP

Last updated on 2019-12-07 05:47:51 CET.

Flavor Version Tinstall Tcheck Ttotal Status Flags
r-devel-linux-x86_64-debian-clang 0.24 15.39 165.19 180.58 OK
r-devel-linux-x86_64-debian-gcc 0.24 14.57 125.82 140.39 OK
r-devel-linux-x86_64-fedora-clang 0.24 213.66 NOTE
r-devel-linux-x86_64-fedora-gcc 0.24 215.25 NOTE
r-devel-windows-ix86+x86_64 0.24 38.00 249.00 287.00 OK
r-devel-windows-ix86+x86_64-gcc8 0.24 34.00 276.00 310.00 OK
r-patched-linux-x86_64 0.24 14.91 151.47 166.38 OK
r-patched-solaris-x86 0.24 293.50 OK
r-release-linux-x86_64 0.24 15.07 151.41 166.48 OK
r-release-windows-ix86+x86_64 0.24 38.00 177.00 215.00 OK
r-release-osx-x86_64 0.24 OK
r-oldrel-windows-ix86+x86_64 0.24 24.00 240.00 264.00 OK
r-oldrel-osx-x86_64 0.24 OK

Check Details

Version: 0.24
Check: compiled code
Result: NOTE
    File ‘survSNP/libs/survSNP.so’:
     Found no calls to: ‘R_registerRoutines’, ‘R_useDynamicSymbols’
    
    It is good practice to register native routines and to disable symbol
    search.
    
    See ‘Writing portable packages’ in the ‘Writing R Extensions’ manual.
Flavors: r-devel-linux-x86_64-fedora-clang, r-devel-linux-x86_64-fedora-gcc