CRAN Package Check Results for Package surveillance

Last updated on 2019-08-18 05:46:26 CEST.

Flavor Version Tinstall Tcheck Ttotal Status Flags
r-devel-linux-x86_64-debian-clang 1.17.0 63.19 499.69 562.88 NOTE
r-devel-linux-x86_64-debian-gcc 1.17.0 51.23 381.22 432.45 NOTE
r-devel-linux-x86_64-fedora-gcc 1.17.0 674.44 OK
r-devel-windows-ix86+x86_64 1.17.0 153.00 838.00 991.00 NOTE --no-vignettes
r-patched-linux-x86_64 1.17.0 61.43 487.83 549.26 NOTE
r-patched-solaris-x86 1.17.0 862.40 NOTE
r-release-linux-x86_64 1.17.0 67.71 490.52 558.23 NOTE
r-release-windows-ix86+x86_64 1.17.0 147.00 556.00 703.00 NOTE --no-vignettes
r-release-osx-x86_64 1.17.0 NOTE
r-oldrel-windows-ix86+x86_64 1.17.0 134.00 597.00 731.00 NOTE --no-vignettes
r-oldrel-osx-x86_64 1.17.0 NOTE

Check Details

Version: 1.17.0
Check: package dependencies
Result: NOTE
    Package suggested but not available for checking: 'INLA'
Flavors: r-devel-linux-x86_64-debian-clang, r-devel-linux-x86_64-debian-gcc, r-patched-linux-x86_64, r-patched-solaris-x86, r-release-linux-x86_64, r-release-osx-x86_64, r-oldrel-osx-x86_64

Version: 1.17.0
Flags: --no-vignettes
Check: installed package size
Result: NOTE
     installed size is 8.2Mb
     sub-directories of 1Mb or more:
     R 1.8Mb
     doc 2.3Mb
     help 1.0Mb
     libs 1.7Mb
Flavors: r-devel-windows-ix86+x86_64, r-release-windows-ix86+x86_64, r-oldrel-windows-ix86+x86_64

Version: 1.17.0
Check: installed package size
Result: NOTE
     installed size is 7.6Mb
     sub-directories of 1Mb or more:
     R 2.0Mb
     doc 2.8Mb
     help 1.0Mb
Flavors: r-patched-solaris-x86, r-release-osx-x86_64, r-oldrel-osx-x86_64