CRAN Package Check Results for Package surveillance

Last updated on 2022-01-19 05:48:41 CET.

Flavor Version Tinstall Tcheck Ttotal Status Flags
r-devel-linux-x86_64-debian-clang 1.19.1 69.74 591.32 661.06 NOTE
r-devel-linux-x86_64-debian-gcc 1.19.1 58.21 434.32 492.53 NOTE
r-devel-linux-x86_64-fedora-clang 1.19.1 803.61 NOTE
r-devel-linux-x86_64-fedora-gcc 1.19.1 784.49 OK
r-devel-windows-x86_64-new-UL 1.19.1 730.00 342.00 1072.00 NOTE --no-vignettes
r-devel-windows-x86_64-new-TK 1.19.1 NOTE
r-patched-linux-x86_64 1.19.1 59.53 576.87 636.40 NOTE
r-release-linux-x86_64 1.19.1 NOTE
r-release-macos-arm64 1.19.1 NOTE
r-release-macos-x86_64 1.19.1 NOTE
r-release-windows-ix86+x86_64 1.19.1 134.00 561.00 695.00 NOTE --no-vignettes
r-oldrel-macos-x86_64 1.19.1 NOTE
r-oldrel-windows-ix86+x86_64 1.19.1 135.00 697.00 832.00 NOTE --no-vignettes

Check Details

Version: 1.19.1
Check: package dependencies
Result: NOTE
    Package suggested but not available for checking: 'INLA'
Flavors: r-devel-linux-x86_64-debian-clang, r-devel-linux-x86_64-debian-gcc, r-devel-windows-x86_64-new-TK, r-patched-linux-x86_64, r-release-linux-x86_64, r-release-macos-x86_64, r-oldrel-macos-x86_64

Version: 1.19.1
Check: installed package size
Result: NOTE
     installed size is 8.1Mb
     sub-directories of 1Mb or more:
     R 1.7Mb
     doc 2.4Mb
     libs 1.5Mb
Flavors: r-devel-linux-x86_64-fedora-clang, r-release-macos-arm64, r-release-macos-x86_64, r-oldrel-macos-x86_64

Version: 1.19.1
Flags: --no-vignettes
Check: package dependencies
Result: NOTE
    Package suggested but not available for checking: 'INLA'
Flavor: r-devel-windows-x86_64-new-UL

Version: 1.19.1
Flags: --no-vignettes
Check: installed package size
Result: NOTE
     installed size is 7.6Mb
     sub-directories of 1Mb or more:
     R 1.7Mb
     doc 2.4Mb
     libs 1.1Mb
Flavors: r-devel-windows-x86_64-new-UL, r-release-windows-ix86+x86_64, r-oldrel-windows-ix86+x86_64

Version: 1.19.1
Check: package dependencies
Result: NOTE
    Packages suggested but not available for checking: 'INLA', 'runjags'
Flavor: r-release-macos-arm64

Version: 1.19.1
Check: Rd cross-references
Result: NOTE
    Package unavailable to check Rd xrefs: ‘runjags’
Flavor: r-release-macos-arm64